CRAN Package Check Results for Package survRM2perm

Last updated on 2022-07-02 15:52:31 CEST.

Flavor Version Tinstall Tcheck Ttotal Status Flags
r-devel-linux-x86_64-debian-clang 0.1.0 6.50 68.83 75.33 NOTE
r-devel-linux-x86_64-debian-gcc 0.1.0 6.57 53.33 59.90 NOTE
r-devel-linux-x86_64-fedora-clang 0.1.0 101.62 NOTE
r-devel-linux-x86_64-fedora-gcc 0.1.0 103.82 NOTE
r-devel-windows-x86_64 0.1.0 19.00 88.00 107.00 NOTE
r-patched-linux-x86_64 0.1.0 7.34 67.46 74.80 NOTE
r-release-linux-x86_64 0.1.0 6.85 66.41 73.26 NOTE
r-release-macos-arm64 0.1.0 30.00 NOTE
r-release-macos-x86_64 0.1.0 45.00 NOTE
r-release-windows-x86_64 0.1.0 28.00 94.00 122.00 NOTE
r-oldrel-macos-arm64 0.1.0 35.00 NOTE
r-oldrel-macos-x86_64 0.1.0 58.00 NOTE
r-oldrel-windows-ix86+x86_64 0.1.0 18.00 85.00 103.00 NOTE

Check Details

Version: 0.1.0
Check: LazyData
Result: NOTE
     'LazyData' is specified without a 'data' directory
Flavors: r-devel-linux-x86_64-debian-clang, r-devel-linux-x86_64-debian-gcc, r-devel-linux-x86_64-fedora-clang, r-devel-linux-x86_64-fedora-gcc, r-devel-windows-x86_64, r-patched-linux-x86_64, r-release-linux-x86_64, r-release-macos-arm64, r-release-macos-x86_64, r-release-windows-x86_64, r-oldrel-macos-arm64, r-oldrel-macos-x86_64, r-oldrel-windows-ix86+x86_64