CRAN Package Check Results for Package survRM2adapt

Last updated on 2022-07-02 15:52:31 CEST.

Flavor Version Tinstall Tcheck Ttotal Status Flags
r-devel-linux-x86_64-debian-clang 1.0-1 6.64 66.94 73.58 NOTE
r-devel-linux-x86_64-debian-gcc 1.0-1 6.08 50.69 56.77 NOTE
r-devel-linux-x86_64-fedora-clang 1.0-1 99.48 NOTE
r-devel-linux-x86_64-fedora-gcc 1.0-1 97.55 NOTE
r-devel-windows-x86_64 1.0-1 21.00 91.00 112.00 NOTE
r-patched-linux-x86_64 1.0-1 6.25 63.18 69.43 NOTE
r-release-linux-x86_64 1.0-1 8.32 65.72 74.04 NOTE
r-release-macos-arm64 1.0-1 29.00 NOTE
r-release-macos-x86_64 1.0-1 41.00 NOTE
r-release-windows-x86_64 1.0-1 46.00 96.00 142.00 NOTE
r-oldrel-macos-arm64 1.0-1 34.00 NOTE
r-oldrel-macos-x86_64 1.0-1 56.00 NOTE
r-oldrel-windows-ix86+x86_64 1.0-1 17.00 83.00 100.00 NOTE

Check Details

Version: 1.0-1
Check: LazyData
Result: NOTE
     'LazyData' is specified without a 'data' directory
Flavors: r-devel-linux-x86_64-debian-clang, r-devel-linux-x86_64-debian-gcc, r-devel-linux-x86_64-fedora-clang, r-devel-linux-x86_64-fedora-gcc, r-devel-windows-x86_64, r-patched-linux-x86_64, r-release-linux-x86_64, r-release-macos-arm64, r-release-macos-x86_64, r-release-windows-x86_64, r-oldrel-macos-arm64, r-oldrel-macos-x86_64, r-oldrel-windows-ix86+x86_64