CRAN Package Check Results for Package survRM2

Last updated on 2022-05-16 15:53:26 CEST.

Flavor Version Tinstall Tcheck Ttotal Status Flags
r-devel-linux-x86_64-debian-clang 1.0-3 8.50 92.76 101.26 NOTE
r-devel-linux-x86_64-debian-gcc 1.0-3 6.23 68.53 74.76 NOTE
r-devel-linux-x86_64-fedora-clang 1.0-3 116.43 NOTE
r-devel-linux-x86_64-fedora-gcc 1.0-3 114.26 NOTE
r-devel-windows-x86_64 1.0-3 21.00 112.00 133.00 NOTE
r-patched-linux-x86_64 1.0-3 8.64 88.28 96.92 NOTE
r-release-linux-x86_64 1.0-3 8.95 87.33 96.28 NOTE
r-release-macos-arm64 1.0-3 35.00 NOTE
r-release-macos-x86_64 1.0-3 49.00 NOTE
r-release-windows-x86_64 1.0-3 20.00 114.00 134.00 NOTE
r-oldrel-macos-arm64 1.0-3 50.00 NOTE
r-oldrel-macos-x86_64 1.0-3 64.00 NOTE
r-oldrel-windows-ix86+x86_64 1.0-3 18.00 103.00 121.00 NOTE

Check Details

Version: 1.0-3
Check: LazyData
Result: NOTE
     'LazyData' is specified without a 'data' directory
Flavors: r-devel-linux-x86_64-debian-clang, r-devel-linux-x86_64-debian-gcc, r-devel-linux-x86_64-fedora-clang, r-devel-linux-x86_64-fedora-gcc, r-devel-windows-x86_64, r-patched-linux-x86_64, r-release-linux-x86_64, r-release-macos-arm64, r-release-macos-x86_64, r-release-windows-x86_64, r-oldrel-macos-arm64, r-oldrel-macos-x86_64, r-oldrel-windows-ix86+x86_64