CRAN Package Check Results for Package survHE

Last updated on 2022-10-04 03:56:55 CEST.

Flavor Version Tinstall Tcheck Ttotal Status Flags
r-devel-linux-x86_64-debian-clang 1.1.2 1143.53 263.34 1406.87 NOTE
r-devel-linux-x86_64-debian-gcc 1.1.2 1081.74 247.81 1329.55 NOTE
r-devel-linux-x86_64-fedora-clang 1.1.2 1760.52 NOTE
r-devel-linux-x86_64-fedora-gcc 1.1.2 2210.77 NOTE
r-devel-windows-x86_64 1.1.2 1173.00 383.00 1556.00 NOTE
r-patched-linux-x86_64 1.1.2 966.40 308.67 1275.07 NOTE
r-release-linux-x86_64 1.1.2 953.88 312.02 1265.90 NOTE
r-release-macos-arm64 1.1.2 493.00 NOTE
r-release-macos-x86_64 1.1.2 790.00 NOTE
r-release-windows-x86_64 1.1.2 815.00 365.00 1180.00 NOTE
r-oldrel-macos-arm64 1.1.2 533.00 NOTE
r-oldrel-macos-x86_64 1.1.2 884.00 NOTE
r-oldrel-windows-ix86+x86_64 1.1.2 2618.00 437.00 3055.00 NOTE

Check Details

Version: 1.1.2
Check: package dependencies
Result: NOTE
    Package suggested but not available for checking: 'INLA'
Flavors: r-devel-linux-x86_64-debian-clang, r-devel-linux-x86_64-debian-gcc, r-devel-windows-x86_64, r-patched-linux-x86_64, r-release-linux-x86_64, r-release-macos-arm64, r-release-macos-x86_64, r-release-windows-x86_64, r-oldrel-macos-arm64, r-oldrel-macos-x86_64

Version: 1.1.2
Check: for GNU extensions in Makefiles
Result: NOTE
    GNU make is a SystemRequirements.
Flavors: r-devel-linux-x86_64-debian-clang, r-devel-linux-x86_64-debian-gcc, r-devel-linux-x86_64-fedora-clang, r-devel-linux-x86_64-fedora-gcc, r-devel-windows-x86_64, r-patched-linux-x86_64, r-release-linux-x86_64, r-release-macos-arm64, r-release-macos-x86_64, r-release-windows-x86_64, r-oldrel-macos-arm64, r-oldrel-macos-x86_64, r-oldrel-windows-ix86+x86_64

Version: 1.1.2
Check: installed package size
Result: NOTE
     installed size is 11.4Mb
     sub-directories of 1Mb or more:
     libs 10.4Mb
Flavors: r-devel-linux-x86_64-fedora-clang, r-devel-windows-x86_64, r-release-macos-arm64, r-release-macos-x86_64, r-release-windows-x86_64, r-oldrel-macos-arm64, r-oldrel-macos-x86_64, r-oldrel-windows-ix86+x86_64