CRAN Package Check Results for Package survBootOutliers

Last updated on 2022-07-01 15:51:31 CEST.

Flavor Version Tinstall Tcheck Ttotal Status Flags
r-devel-linux-x86_64-debian-clang 1.0 8.40 124.09 132.49 OK
r-devel-linux-x86_64-debian-gcc 1.0 4.34 94.08 98.42 OK
r-devel-linux-x86_64-fedora-clang 1.0 170.64 OK
r-devel-linux-x86_64-fedora-gcc 1.0 167.20 OK
r-devel-windows-x86_64 1.0 38.00 151.00 189.00 OK
r-patched-linux-x86_64 1.0 7.32 122.91 130.23 OK
r-release-linux-x86_64 1.0 5.50 121.78 127.28 OK
r-release-macos-arm64 1.0 56.00 NOTE
r-release-macos-x86_64 1.0 81.00 OK
r-release-windows-x86_64 1.0 77.00 154.00 231.00 OK
r-oldrel-macos-arm64 1.0 64.00 NOTE
r-oldrel-macos-x86_64 1.0 120.00 OK
r-oldrel-windows-ix86+x86_64 1.0 17.00 154.00 171.00 OK

Check Details

Version: 1.0
Check: package dependencies
Result: NOTE
    Package suggested but not available for checking: ‘BiocParallel’
Flavors: r-release-macos-arm64, r-oldrel-macos-arm64