CRAN Package Check Results for Package support.CEs

Last updated on 2020-09-24 15:48:44 CEST.

Flavor Version Tinstall Tcheck Ttotal Status Flags
r-devel-linux-x86_64-debian-clang 0.4-1 6.11 56.42 62.53 OK
r-devel-linux-x86_64-debian-gcc 0.4-1 4.78 43.60 48.38 OK
r-devel-linux-x86_64-fedora-clang 0.4-1 83.64 NOTE
r-devel-linux-x86_64-fedora-gcc 0.4-1 76.07 OK
r-devel-windows-ix86+x86_64 0.4-1 15.00 64.00 79.00 OK
r-patched-linux-x86_64 0.4-1 7.02 52.87 59.89 OK
r-patched-solaris-x86 0.4-1 107.00 OK
r-release-linux-x86_64 0.4-1 6.39 53.39 59.78 OK
r-release-macos-x86_64 0.4-1 OK
r-release-windows-ix86+x86_64 0.4-1 25.00 79.00 104.00 OK
r-oldrel-macos-x86_64 0.4-1 OK
r-oldrel-windows-ix86+x86_64 0.4-1 9.00 75.00 84.00 OK

Check Details

Version: 0.4-1
Check: Rd cross-references
Result: NOTE
    Undeclared package ‘mded’ in Rd xrefs
Flavor: r-devel-linux-x86_64-fedora-clang