CRAN Package Check Results for Package supervisedPRIM

Last updated on 2022-07-05 15:52:58 CEST.

Flavor Version Tinstall Tcheck Ttotal Status Flags
r-devel-linux-x86_64-debian-clang 2.0.0 2.00 207.40 209.40 NOTE
r-devel-linux-x86_64-debian-gcc 2.0.0 1.67 148.85 150.52 NOTE
r-devel-linux-x86_64-fedora-clang 2.0.0 249.43 NOTE
r-devel-linux-x86_64-fedora-gcc 2.0.0 248.79 NOTE
r-devel-windows-x86_64 2.0.0 17.00 228.00 245.00 NOTE
r-patched-linux-x86_64 2.0.0 2.10 203.52 205.62 NOTE
r-release-linux-x86_64 2.0.0 1.68 206.43 208.11 NOTE
r-release-macos-arm64 2.0.0 125.00 NOTE
r-release-macos-x86_64 2.0.0 132.00 NOTE
r-release-windows-x86_64 2.0.0 25.00 224.00 249.00 NOTE
r-oldrel-macos-arm64 2.0.0 221.00 NOTE
r-oldrel-macos-x86_64 2.0.0 170.00 NOTE
r-oldrel-windows-ix86+x86_64 2.0.0 6.00 259.00 265.00 NOTE

Check Details

Version: 2.0.0
Check: LazyData
Result: NOTE
     'LazyData' is specified without a 'data' directory
Flavors: r-devel-linux-x86_64-debian-clang, r-devel-linux-x86_64-debian-gcc, r-devel-linux-x86_64-fedora-clang, r-devel-linux-x86_64-fedora-gcc, r-devel-windows-x86_64, r-patched-linux-x86_64, r-release-linux-x86_64, r-release-macos-arm64, r-release-macos-x86_64, r-release-windows-x86_64, r-oldrel-macos-arm64, r-oldrel-macos-x86_64, r-oldrel-windows-ix86+x86_64