CRAN Package Check Results for Package suncalc

Last updated on 2024-04-13 03:52:32 CEST.

Flavor Version Tinstall Tcheck Ttotal Status Flags
r-devel-linux-x86_64-debian-clang 0.5.1 4.51 40.78 45.29 NOTE
r-devel-linux-x86_64-debian-gcc 0.5.1 3.06 30.22 33.28 NOTE
r-devel-linux-x86_64-fedora-clang 0.5.1 55.08 NOTE
r-devel-linux-x86_64-fedora-gcc 0.5.1 53.04 NOTE
r-devel-windows-x86_64 0.5.1 4.00 54.00 58.00 NOTE
r-patched-linux-x86_64 0.5.1 4.56 38.30 42.86 NOTE
r-release-linux-x86_64 0.5.1 4.23 38.53 42.76 OK
r-release-macos-arm64 0.5.1 21.00 OK
r-release-macos-x86_64 0.5.1 31.00 OK
r-release-windows-x86_64 0.5.1 6.00 55.00 61.00 OK
r-oldrel-macos-arm64 0.5.1 23.00 OK
r-oldrel-windows-x86_64 0.5.1 5.00 60.00 65.00 OK

Check Details

Version: 0.5.1
Check: Rd files
Result: NOTE checkRd: (-1) getMoonIllumination.Rd:25: Lost braces in \itemize; meant \describe ? checkRd: (-1) getMoonIllumination.Rd:26: Lost braces in \itemize; meant \describe ? checkRd: (-1) getMoonIllumination.Rd:27-28: Lost braces in \itemize; meant \describe ? checkRd: (-1) getMoonIllumination.Rd:33: Lost braces in \itemize; meant \describe ? checkRd: (-1) getMoonIllumination.Rd:34: Lost braces in \itemize; meant \describe ? checkRd: (-1) getMoonIllumination.Rd:35: Lost braces in \itemize; meant \describe ? checkRd: (-1) getMoonIllumination.Rd:36: Lost braces in \itemize; meant \describe ? checkRd: (-1) getMoonIllumination.Rd:37: Lost braces in \itemize; meant \describe ? checkRd: (-1) getMoonIllumination.Rd:38: Lost braces in \itemize; meant \describe ? checkRd: (-1) getMoonIllumination.Rd:39: Lost braces in \itemize; meant \describe ? checkRd: (-1) getMoonIllumination.Rd:40: Lost braces in \itemize; meant \describe ? checkRd: (-1) getMoonPosition.Rd:37: Lost braces in \itemize; meant \describe ? checkRd: (-1) getMoonPosition.Rd:38: Lost braces in \itemize; meant \describe ? checkRd: (-1) getMoonPosition.Rd:39: Lost braces in \itemize; meant \describe ? checkRd: (-1) getMoonPosition.Rd:40: Lost braces in \itemize; meant \describe ? checkRd: (-1) getMoonTimes.Rd:42: Lost braces in \itemize; meant \describe ? checkRd: (-1) getMoonTimes.Rd:43: Lost braces in \itemize; meant \describe ? checkRd: (-1) getMoonTimes.Rd:44: Lost braces in \itemize; meant \describe ? checkRd: (-1) getMoonTimes.Rd:45: Lost braces in \itemize; meant \describe ? checkRd: (-1) getSunlightPosition.Rd:37: Lost braces in \itemize; meant \describe ? checkRd: (-1) getSunlightPosition.Rd:38: Lost braces in \itemize; meant \describe ? checkRd: (-1) getSunlightTimes.Rd:41: Lost braces in \itemize; meant \describe ? checkRd: (-1) getSunlightTimes.Rd:42: Lost braces in \itemize; meant \describe ? checkRd: (-1) getSunlightTimes.Rd:43: Lost braces in \itemize; meant \describe ? checkRd: (-1) getSunlightTimes.Rd:44: Lost braces in \itemize; meant \describe ? checkRd: (-1) getSunlightTimes.Rd:45: Lost braces in \itemize; meant \describe ? checkRd: (-1) getSunlightTimes.Rd:46: Lost braces in \itemize; meant \describe ? checkRd: (-1) getSunlightTimes.Rd:47: Lost braces in \itemize; meant \describe ? checkRd: (-1) getSunlightTimes.Rd:48: Lost braces in \itemize; meant \describe ? checkRd: (-1) getSunlightTimes.Rd:49: Lost braces in \itemize; meant \describe ? checkRd: (-1) getSunlightTimes.Rd:50: Lost braces in \itemize; meant \describe ? checkRd: (-1) getSunlightTimes.Rd:51: Lost braces in \itemize; meant \describe ? checkRd: (-1) getSunlightTimes.Rd:52: Lost braces in \itemize; meant \describe ? checkRd: (-1) getSunlightTimes.Rd:53: Lost braces in \itemize; meant \describe ? checkRd: (-1) getSunlightTimes.Rd:54: Lost braces in \itemize; meant \describe ? Flavors: r-devel-linux-x86_64-debian-clang, r-devel-linux-x86_64-debian-gcc, r-devel-linux-x86_64-fedora-clang, r-devel-linux-x86_64-fedora-gcc, r-devel-windows-x86_64, r-patched-linux-x86_64