CRAN Package Check Results for Package sumFREGAT

Last updated on 2020-11-25 15:52:10 CET.

Flavor Version Tinstall Tcheck Ttotal Status Flags
r-devel-linux-x86_64-debian-clang 1.1.0 15.00 83.10 98.10 NOTE
r-devel-linux-x86_64-debian-gcc 1.1.0 10.62 60.31 70.93 NOTE
r-devel-linux-x86_64-fedora-clang 1.1.0 116.04 NOTE
r-devel-linux-x86_64-fedora-gcc 1.1.0 106.27 NOTE
r-devel-windows-ix86+x86_64 1.1.0 27.00 118.00 145.00 OK
r-patched-linux-x86_64 1.1.0 12.30 75.74 88.04 NOTE
r-patched-solaris-x86 1.1.0 151.60 NOTE
r-release-linux-x86_64 1.1.0 13.37 77.78 91.15 NOTE
r-release-macos-x86_64 1.1.0 OK
r-release-windows-ix86+x86_64 1.1.0 27.00 215.00 242.00 OK
r-oldrel-macos-x86_64 1.1.0 OK
r-oldrel-windows-ix86+x86_64 1.1.0 17.00 119.00 136.00 OK

Check Details

Version: 1.1.0
Check: for non-standard things in the check directory
Result: NOTE
    Found the following files/directories:
     'CFH.scores.full.vcf'
Flavors: r-devel-linux-x86_64-debian-clang, r-devel-linux-x86_64-debian-gcc, r-devel-linux-x86_64-fedora-clang, r-devel-linux-x86_64-fedora-gcc, r-patched-linux-x86_64, r-patched-solaris-x86, r-release-linux-x86_64