CRAN Package Check Results for Package stuart

Last updated on 2022-07-04 15:54:54 CEST.

Flavor Version Tinstall Tcheck Ttotal Status Flags
r-devel-linux-x86_64-debian-clang 0.10.0 7.40 79.84 87.24 OK
r-devel-linux-x86_64-debian-gcc 0.10.0 5.88 58.71 64.59 OK
r-devel-linux-x86_64-fedora-clang 0.10.0 113.70 NOTE
r-devel-linux-x86_64-fedora-gcc 0.10.0 114.04 NOTE
r-devel-windows-x86_64 0.10.0 28.00 102.00 130.00 OK
r-patched-linux-x86_64 0.10.0 8.03 76.04 84.07 OK
r-release-linux-x86_64 0.10.0 6.35 76.44 82.79 OK
r-release-macos-arm64 0.10.0 33.00 NOTE
r-release-macos-x86_64 0.10.0 41.00 NOTE
r-release-windows-x86_64 0.10.0 27.00 99.00 126.00 OK
r-oldrel-macos-arm64 0.10.0 29.00 NOTE
r-oldrel-macos-x86_64 0.10.0 41.00 NOTE
r-oldrel-windows-ix86+x86_64 0.10.0 14.00 97.00 111.00 OK

Check Details

Version: 0.10.0
Check: data for non-ASCII characters
Result: NOTE
     Note: found 83 marked UTF-8 strings
Flavors: r-devel-linux-x86_64-fedora-clang, r-devel-linux-x86_64-fedora-gcc, r-release-macos-arm64, r-release-macos-x86_64, r-oldrel-macos-arm64, r-oldrel-macos-x86_64