CRAN Package Check Results for Package strucchangeRcpp

Last updated on 2022-01-26 03:54:36 CET.

Flavor Version Tinstall Tcheck Ttotal Status Flags
r-devel-linux-x86_64-debian-clang 1.5-3-1.0.4 102.80 102.07 204.87 OK
r-devel-linux-x86_64-debian-gcc 1.5-3-1.0.4 71.35 75.28 146.63 OK
r-devel-linux-x86_64-fedora-clang 1.5-3-1.0.4 280.59 NOTE
r-devel-linux-x86_64-fedora-gcc 1.5-3-1.0.4 249.38 OK
r-devel-windows-x86_64-new-UL 1.5-3-1.0.4 464.00 172.00 636.00 OK
r-devel-windows-x86_64-new-TK 1.5-3-1.0.4 NOTE
r-patched-linux-x86_64 1.5-3-1.0.4 92.49 97.66 190.15 OK
r-release-linux-x86_64 1.5-3-1.0.4 85.10 96.42 181.52 OK
r-release-macos-arm64 1.5-3-1.0.4 NOTE
r-release-macos-x86_64 1.5-3-1.0.4 NOTE
r-release-windows-ix86+x86_64 1.5-3-1.0.4 236.00 158.00 394.00 OK
r-oldrel-macos-x86_64 1.5-3-1.0.4 NOTE
r-oldrel-windows-ix86+x86_64 1.5-3-1.0.4 236.00 163.00 399.00 OK

Check Details

Version: 1.5-3-1.0.4
Check: installed package size
Result: NOTE
     installed size is 5.2Mb
     sub-directories of 1Mb or more:
     libs 3.8Mb
Flavors: r-devel-linux-x86_64-fedora-clang, r-release-macos-arm64, r-release-macos-x86_64, r-oldrel-macos-x86_64

Version: 1.5-3-1.0.4
Check: package dependencies
Result: NOTE
    Packages suggested but not available for checking: 'car', 'dynlm'
Flavor: r-devel-windows-x86_64-new-TK