CRAN Package Check Results for Package stringr

Last updated on 2020-08-05 03:48:48 CEST.

Flavor Version Tinstall Tcheck Ttotal Status Flags
r-devel-linux-x86_64-debian-clang 1.4.0 3.19 35.18 38.37 OK
r-devel-linux-x86_64-debian-gcc 1.4.0 2.57 26.73 29.30 OK
r-devel-linux-x86_64-fedora-clang 1.4.0 52.63 NOTE
r-devel-linux-x86_64-fedora-gcc 1.4.0 44.81 NOTE
r-devel-windows-ix86+x86_64 1.4.0 10.00 54.00 64.00 OK
r-patched-linux-x86_64 1.4.0 3.24 33.68 36.92 OK
r-patched-solaris-x86 1.4.0 75.60 NOTE
r-release-linux-x86_64 1.4.0 3.14 33.60 36.74 OK
r-release-macos-x86_64 1.4.0 NOTE
r-release-windows-ix86+x86_64 1.4.0 11.00 74.00 85.00 OK
r-oldrel-macos-x86_64 1.4.0 NOTE
r-oldrel-windows-ix86+x86_64 1.4.0 8.00 54.00 62.00 OK

Check Details

Version: 1.4.0
Check: data for non-ASCII characters
Result: NOTE
     Note: found 3 marked UTF-8 strings
Flavors: r-devel-linux-x86_64-fedora-clang, r-devel-linux-x86_64-fedora-gcc, r-patched-solaris-x86, r-release-macos-x86_64, r-oldrel-macos-x86_64