Last updated on 2022-07-01 03:54:03 CEST.
Flavor | Version | Tinstall | Tcheck | Ttotal | Status | Flags |
---|---|---|---|---|---|---|
r-devel-linux-x86_64-debian-clang | 1.7.6 | 155.67 | 60.63 | 216.30 | NOTE | |
r-devel-linux-x86_64-debian-gcc | 1.7.6 | 119.43 | 46.14 | 165.57 | NOTE | |
r-devel-linux-x86_64-fedora-clang | 1.7.6 | 337.91 | NOTE | |||
r-devel-linux-x86_64-fedora-gcc | 1.7.6 | 271.29 | NOTE | |||
r-devel-windows-x86_64 | 1.7.6 | 1301.00 | 187.00 | 1488.00 | WARN | |
r-patched-linux-x86_64 | 1.7.6 | 132.73 | 56.90 | 189.63 | OK | |
r-release-linux-x86_64 | 1.7.6 | 123.98 | 58.03 | 182.01 | OK | |
r-release-macos-arm64 | 1.7.6 | 83.00 | NOTE | |||
r-release-macos-x86_64 | 1.7.6 | 112.00 | NOTE | |||
r-release-windows-x86_64 | 1.7.6 | 1021.00 | 178.00 | 1199.00 | WARN | |
r-oldrel-macos-arm64 | 1.7.6 | 472.00 | NOTE | |||
r-oldrel-macos-x86_64 | 1.7.6 | 349.00 | NOTE | |||
r-oldrel-windows-ix86+x86_64 | 1.7.6 | 1422.00 | 123.00 | 1545.00 | NOTE |
Version: 1.7.6
Check: Rd files
Result: NOTE
checkRd: (-1) stri_trans_nf.Rd:74: Escaped LaTeX specials: \#
checkRd: (-1) stri_trans_nf.Rd:92: Escaped LaTeX specials: \#
Flavors: r-devel-linux-x86_64-debian-clang, r-devel-linux-x86_64-debian-gcc, r-devel-linux-x86_64-fedora-clang, r-devel-linux-x86_64-fedora-gcc, r-devel-windows-x86_64
Version: 1.7.6
Check: installed package size
Result: NOTE
installed size is 5.1Mb
sub-directories of 1Mb or more:
libs 4.3Mb
Flavors: r-devel-linux-x86_64-fedora-clang, r-devel-windows-x86_64, r-release-macos-arm64, r-release-macos-x86_64, r-release-windows-x86_64, r-oldrel-macos-arm64, r-oldrel-macos-x86_64, r-oldrel-windows-ix86+x86_64
Version: 1.7.6
Check: whether package can be installed
Result: WARN
Found the following significant warnings:
icu69/common/cstring.h:43:70: warning: 'char* strncpy(char*, const char*, size_t)' output may be truncated copying 156 bytes from a string of length 156 [-Wstringop-truncation]
Flavors: r-devel-windows-x86_64, r-release-windows-x86_64