Last updated on 2022-06-28 03:51:44 CEST.
Flavor | Version | Tinstall | Tcheck | Ttotal | Status | Flags |
---|---|---|---|---|---|---|
r-devel-linux-x86_64-debian-clang | 0.15.7 | 22.01 | 149.18 | 171.19 | NOTE | |
r-devel-linux-x86_64-debian-gcc | 0.15.7 | 22.88 | 105.19 | 128.07 | NOTE | |
r-devel-linux-x86_64-fedora-clang | 0.15.7 | 220.62 | NOTE | |||
r-devel-linux-x86_64-fedora-gcc | 0.15.7 | 219.67 | NOTE | |||
r-devel-windows-x86_64 | 0.15.7 | 105.00 | 195.00 | 300.00 | NOTE | |
r-patched-linux-x86_64 | 0.15.7 | 24.12 | 141.04 | 165.16 | NOTE | |
r-release-linux-x86_64 | 0.15.7 | 21.39 | 139.85 | 161.24 | NOTE | |
r-release-macos-arm64 | 0.15.7 | 62.00 | NOTE | |||
r-release-macos-x86_64 | 0.15.7 | 92.00 | NOTE | |||
r-release-windows-x86_64 | 0.15.7 | 113.00 | 207.00 | 320.00 | NOTE | |
r-oldrel-macos-arm64 | 0.15.7 | 58.00 | NOTE | |||
r-oldrel-macos-x86_64 | 0.15.7 | 88.00 | NOTE | |||
r-oldrel-windows-ix86+x86_64 | 0.15.7 | 151.00 | 374.00 | 525.00 | NOTE |
Version: 0.15.7
Check: for GNU extensions in Makefiles
Result: NOTE
GNU make is a SystemRequirements.
Flavors: r-devel-linux-x86_64-debian-clang, r-devel-linux-x86_64-debian-gcc, r-devel-linux-x86_64-fedora-clang, r-devel-linux-x86_64-fedora-gcc, r-devel-windows-x86_64, r-patched-linux-x86_64, r-release-linux-x86_64, r-release-macos-arm64, r-release-macos-x86_64, r-release-windows-x86_64, r-oldrel-macos-arm64, r-oldrel-macos-x86_64, r-oldrel-windows-ix86+x86_64