Last updated on 2023-10-01 05:05:55 CEST.
Flavor | Version | Tinstall | Tcheck | Ttotal | Status | Flags |
---|---|---|---|---|---|---|
r-devel-linux-x86_64-debian-clang | 1.3 | 15.50 | 111.41 | 126.91 | NOTE | |
r-devel-linux-x86_64-debian-gcc | 1.3 | 11.76 | 77.90 | 89.66 | NOTE | |
r-devel-linux-x86_64-fedora-clang | 1.3 | 176.12 | NOTE | |||
r-devel-linux-x86_64-fedora-gcc | 1.3 | 189.03 | NOTE | |||
r-devel-windows-x86_64 | 1.3 | 16.00 | 140.00 | 156.00 | NOTE | |
r-patched-linux-x86_64 | 1.3 | 16.84 | 115.46 | 132.30 | NOTE | |
r-release-linux-x86_64 | 1.3 | 19.37 | 113.61 | 132.98 | NOTE | |
r-release-macos-arm64 | 1.3 | 59.00 | NOTE | |||
r-release-macos-x86_64 | 1.3 | 91.00 | NOTE | |||
r-release-windows-x86_64 | 1.3 | 17.00 | 158.00 | 175.00 | NOTE | |
r-oldrel-macos-arm64 | 1.3 | 50.00 | OK | |||
r-oldrel-macos-x86_64 | 1.3 | 62.00 | OK | |||
r-oldrel-windows-x86_64 | 1.3 | 22.00 | 147.00 | 169.00 | OK |
Version: 1.3
Check: C++ specification
Result: NOTE
Specified C++11: please drop specification unless essential
Flavors: r-devel-linux-x86_64-debian-clang, r-devel-linux-x86_64-debian-gcc, r-devel-linux-x86_64-fedora-clang, r-devel-linux-x86_64-fedora-gcc, r-devel-windows-x86_64, r-patched-linux-x86_64, r-release-linux-x86_64, r-release-macos-arm64, r-release-macos-x86_64, r-release-windows-x86_64