CRAN Package Check Results for Package stream

Last updated on 2023-02-03 03:56:07 CET.

Flavor Version Tinstall Tcheck Ttotal Status Flags
r-devel-linux-x86_64-debian-clang 2.0-0 137.08 209.28 346.36 NOTE
r-devel-linux-x86_64-debian-gcc 2.0-0 123.29 151.51 274.80 NOTE
r-devel-linux-x86_64-fedora-clang 2.0-0 492.51 NOTE
r-devel-linux-x86_64-fedora-gcc 2.0-0 495.82 NOTE
r-devel-windows-x86_64 2.0-0 198.00 355.00 553.00 NOTE
r-patched-linux-x86_64 2.0-0 130.24 184.24 314.48 OK
r-release-linux-x86_64 2.0-0 125.16 186.83 311.99 OK
r-release-macos-arm64 2.0-0 141.00 NOTE
r-release-macos-x86_64 2.0-0 157.00 NOTE
r-release-windows-x86_64 2.0-0 175.00 331.00 506.00 OK
r-oldrel-macos-arm64 2.0-0 132.00 NOTE
r-oldrel-macos-x86_64 2.0-0 156.00 NOTE
r-oldrel-windows-ix86+x86_64 2.0-0 340.00 360.00 700.00 NOTE

Check Details

Version: 2.0-0
Check: C++ specification
Result: NOTE
     Specified C++11: please update to current default of C++17
Flavors: r-devel-linux-x86_64-debian-clang, r-devel-linux-x86_64-debian-gcc, r-devel-linux-x86_64-fedora-clang, r-devel-linux-x86_64-fedora-gcc, r-devel-windows-x86_64

Version: 2.0-0
Check: installed package size
Result: NOTE
     installed size is 12.8Mb
     sub-directories of 1Mb or more:
     doc 1.7Mb
     libs 9.9Mb
Flavors: r-release-macos-arm64, r-release-macos-x86_64, r-oldrel-macos-arm64, r-oldrel-macos-x86_64, r-oldrel-windows-ix86+x86_64