CRAN Package Check Results for Package strat

Last updated on 2020-10-21 03:47:34 CEST.

Flavor Version Tinstall Tcheck Ttotal Status Flags
r-devel-linux-x86_64-debian-clang 0.1 31.63 35.79 67.42 OK
r-devel-linux-x86_64-debian-gcc 0.1 23.42 29.08 52.50 OK
r-devel-linux-x86_64-fedora-clang 0.1 95.86 NOTE
r-devel-linux-x86_64-fedora-gcc 0.1 82.02 NOTE
r-devel-windows-ix86+x86_64 0.1 55.00 70.00 125.00 OK
r-patched-linux-x86_64 0.1 23.51 34.97 58.48 OK
r-patched-solaris-x86 0.1 98.50 OK
r-release-linux-x86_64 0.1 24.83 34.52 59.35 OK
r-release-macos-x86_64 0.1 OK
r-release-windows-ix86+x86_64 0.1 76.00 69.00 145.00 OK
r-oldrel-macos-x86_64 0.1 OK
r-oldrel-windows-ix86+x86_64 0.1 45.00 84.00 129.00 OK

Check Details

Version: 0.1
Check: compiled code
Result: NOTE
    File ‘strat/libs/strat.so’:
     Found no calls to: ‘R_registerRoutines’, ‘R_useDynamicSymbols’
    
    It is good practice to register native routines and to disable symbol
    search.
    
    See ‘Writing portable packages’ in the ‘Writing R Extensions’ manual.
Flavors: r-devel-linux-x86_64-fedora-clang, r-devel-linux-x86_64-fedora-gcc