Last updated on 2022-06-28 15:53:29 CEST.
Flavor | Version | Tinstall | Tcheck | Ttotal | Status | Flags |
---|---|---|---|---|---|---|
r-devel-linux-x86_64-debian-clang | 0.2.0 | 21.42 | 300.57 | 321.99 | OK | |
r-devel-linux-x86_64-debian-gcc | 0.2.0 | 16.39 | 225.37 | 241.76 | OK | |
r-devel-linux-x86_64-fedora-clang | 0.2.0 | 379.29 | NOTE | |||
r-devel-linux-x86_64-fedora-gcc | 0.2.0 | 382.92 | NOTE | |||
r-devel-windows-x86_64 | 0.2.0 | 76.00 | 313.00 | 389.00 | OK | |
r-patched-linux-x86_64 | 0.2.0 | 19.85 | 283.84 | 303.69 | OK | |
r-release-linux-x86_64 | 0.2.0 | 16.71 | 279.99 | 296.70 | OK | |
r-release-macos-arm64 | 0.2.0 | 85.00 | NOTE | |||
r-release-macos-x86_64 | 0.2.0 | 167.00 | NOTE | |||
r-release-windows-x86_64 | 0.2.0 | 75.00 | 315.00 | 390.00 | OK | |
r-oldrel-macos-arm64 | 0.2.0 | 132.00 | NOTE | |||
r-oldrel-macos-x86_64 | 0.2.0 | 170.00 | NOTE | |||
r-oldrel-windows-ix86+x86_64 | 0.2.0 | 43.00 | 322.00 | 365.00 | OK |
Version: 0.2.0
Check: data for non-ASCII characters
Result: NOTE
Note: found 1 marked UTF-8 string
Flavors: r-devel-linux-x86_64-fedora-clang, r-devel-linux-x86_64-fedora-gcc, r-release-macos-arm64, r-release-macos-x86_64, r-oldrel-macos-arm64, r-oldrel-macos-x86_64
Version: 0.2.0
Check: package dependencies
Result: NOTE
Package suggested but not available for checking: ‘Rsymphony’
Flavor: r-oldrel-macos-arm64