CRAN Package Check Results for Package stochvolTMB

Last updated on 2020-11-25 15:52:10 CET.

Flavor Version Tinstall Tcheck Ttotal Status Flags
r-devel-linux-x86_64-debian-clang 0.1.2 23.27 159.92 183.19 OK
r-devel-linux-x86_64-debian-gcc 0.1.2 38.10 120.66 158.76 OK
r-devel-linux-x86_64-fedora-clang 0.1.2 229.57 NOTE
r-devel-linux-x86_64-fedora-gcc 0.1.2 226.01 OK
r-devel-windows-ix86+x86_64 0.1.2 110.00 146.00 256.00 NOTE
r-patched-linux-x86_64 0.1.2 44.57 160.97 205.54 OK
r-patched-solaris-x86 0.1.2 280.00 NOTE
r-release-linux-x86_64 0.1.2 41.60 160.10 201.70 OK
r-release-macos-x86_64 0.1.2 NOTE
r-release-windows-ix86+x86_64 0.1.2 116.00 116.00 232.00 NOTE
r-oldrel-macos-x86_64 0.1.2 NOTE
r-oldrel-windows-ix86+x86_64 0.1.2 85.00 103.00 188.00 NOTE

Check Details

Version: 0.1.2
Check: installed package size
Result: NOTE
     installed size is 12.3Mb
     sub-directories of 1Mb or more:
     libs 11.7Mb
Flavors: r-devel-linux-x86_64-fedora-clang, r-devel-windows-ix86+x86_64, r-patched-solaris-x86, r-release-macos-x86_64, r-release-windows-ix86+x86_64, r-oldrel-macos-x86_64, r-oldrel-windows-ix86+x86_64