CRAN Package Check Results for Package stm

Last updated on 2024-07-19 16:57:36 CEST.

Flavor Version Tinstall Tcheck Ttotal Status Flags
r-devel-linux-x86_64-debian-clang 1.3.7 53.92 312.51 366.43 OK
r-devel-linux-x86_64-debian-gcc 1.3.7 32.37 222.61 254.98 OK
r-devel-linux-x86_64-fedora-clang 1.3.7 472.11 OK
r-devel-linux-x86_64-fedora-gcc 1.3.7 455.75 OK
r-devel-windows-x86_64 1.3.7 39.00 295.00 334.00 NOTE
r-patched-linux-x86_64 1.3.7 54.08 296.37 350.45 OK
r-release-linux-x86_64 1.3.7 44.15 294.40 338.55 OK
r-release-macos-arm64 1.3.7 124.00 NOTE
r-release-macos-x86_64 1.3.7 196.00 NOTE
r-release-windows-x86_64 1.3.7 44.00 284.00 328.00 OK
r-oldrel-macos-arm64 1.3.7 141.00 NOTE
r-oldrel-macos-x86_64 1.3.7 346.00 NOTE
r-oldrel-windows-x86_64 1.3.7 56.00 331.00 387.00 OK

Check Details

Version: 1.3.7
Check: Rd cross-references
Result: NOTE Found the following Rd file(s) with Rd \link{} targets missing package anchors: labelTopics.Rd: lda topicLasso.Rd: glmnet, cv.glmnet Please provide package anchors for all Rd \link{} targets not in the package itself and the base packages. Flavor: r-devel-windows-x86_64

Version: 1.3.7
Check: installed package size
Result: NOTE installed size is 5.3Mb sub-directories of 1Mb or more: data 1.7Mb libs 2.4Mb Flavors: r-release-macos-arm64, r-release-macos-x86_64, r-oldrel-macos-arm64, r-oldrel-macos-x86_64