CRAN Package Check Results for Package stlnpp

Last updated on 2020-09-22 03:49:42 CEST.

Flavor Version Tinstall Tcheck Ttotal Status Flags
r-devel-linux-x86_64-debian-clang 0.3.6 8.00 81.16 89.16 OK
r-devel-linux-x86_64-debian-gcc 0.3.6 0.28 2.04 2.32 ERROR
r-devel-linux-x86_64-fedora-clang 0.3.6 140.74 OK
r-devel-linux-x86_64-fedora-gcc 0.3.6 109.41 OK
r-devel-windows-ix86+x86_64 0.3.6 21.00 93.00 114.00 OK
r-patched-linux-x86_64 0.3.6 9.59 78.77 88.36 OK
r-patched-solaris-x86 0.3.6 160.50 OK
r-release-linux-x86_64 0.3.6 8.84 77.71 86.55 OK
r-release-macos-x86_64 0.3.6 OK
r-release-windows-ix86+x86_64 0.3.6 22.00 87.00 109.00 OK
r-oldrel-macos-x86_64 0.3.6 OK
r-oldrel-windows-ix86+x86_64 0.3.6 14.00 111.00 125.00 OK

Check Details

Version: 0.3.6
Check: whether package can be installed
Result: ERROR
    Installation failed.
Flavor: r-devel-linux-x86_64-debian-gcc