Last updated on 2022-08-12 03:53:40 CEST.
Flavor | Version | Tinstall | Tcheck | Ttotal | Status | Flags |
---|---|---|---|---|---|---|
r-devel-linux-x86_64-debian-clang | 0.1.7.4 | 4.11 | 199.97 | 204.08 | OK | |
r-devel-linux-x86_64-debian-gcc | 0.1.7.4 | 3.58 | 146.61 | 150.19 | OK | |
r-devel-linux-x86_64-fedora-clang | 0.1.7.4 | 244.57 | OK | |||
r-devel-linux-x86_64-fedora-gcc | 0.1.7.4 | 234.99 | OK | |||
r-devel-windows-x86_64 | 0.1.7.4 | 37.00 | 230.00 | 267.00 | OK | |
r-patched-linux-x86_64 | 0.1.7.4 | 8.26 | 190.38 | 198.64 | OK | |
r-release-linux-x86_64 | 0.1.7.4 | 2.67 | 186.76 | 189.43 | OK | |
r-release-macos-arm64 | 0.1.7.1 | 70.00 | OK | |||
r-release-macos-x86_64 | 0.1.7.4 | 98.00 | OK | |||
r-release-windows-x86_64 | 0.1.7.4 | 38.00 | 232.00 | 270.00 | OK | |
r-oldrel-macos-arm64 | 0.1.7.1 | 82.00 | WARN | |||
r-oldrel-macos-x86_64 | 0.1.7.4 | 105.00 | WARN | |||
r-oldrel-windows-ix86+x86_64 | 0.1.7.4 | 8.00 | 193.00 | 201.00 | OK |
Version: 0.1.7.1
Check: Rd cross-references
Result: WARN
Missing link or links in documentation object 'print.std_selected.Rd':
‘print.lm’
See section 'Cross-references' in the 'Writing R Extensions' manual.
Flavor: r-oldrel-macos-arm64
Version: 0.1.7.4
Check: Rd cross-references
Result: WARN
Missing link or links in documentation object 'print.std_selected.Rd':
‘print.lm’
See section 'Cross-references' in the 'Writing R Extensions' manual.
Flavor: r-oldrel-macos-x86_64