Last updated on 2022-08-09 15:56:27 CEST.
Flavor | Version | Tinstall | Tcheck | Ttotal | Status | Flags |
---|---|---|---|---|---|---|
r-devel-linux-x86_64-debian-clang | 2019.6 | 11.10 | 240.79 | 251.89 | NOTE | |
r-devel-linux-x86_64-debian-gcc | 2019.6 | 9.27 | 178.83 | 188.10 | NOTE | |
r-devel-linux-x86_64-fedora-clang | 2019.6 | 298.63 | NOTE | |||
r-devel-linux-x86_64-fedora-gcc | 2019.6 | 292.02 | NOTE | |||
r-devel-windows-x86_64 | 2019.6 | 835.00 | 416.00 | 1251.00 | OK | |
r-patched-linux-x86_64 | 2019.6 | 11.69 | 220.58 | 232.27 | NOTE | |
r-release-linux-x86_64 | 2019.6 | NOTE | ||||
r-release-macos-arm64 | 2019.6 | 98.00 | OK | |||
r-release-macos-x86_64 | 2019.6 | 216.00 | OK | |||
r-release-windows-x86_64 | 2019.6 | 1214.00 | 408.00 | 1622.00 | OK | |
r-oldrel-macos-arm64 | 2019.6 | 104.00 | OK | |||
r-oldrel-macos-x86_64 | 2019.6 | 208.00 | OK | |||
r-oldrel-windows-ix86+x86_64 | 2019.6 | 180.00 | 391.00 | 571.00 | OK |
Version: 2019.6
Check: package dependencies
Result: NOTE
Package suggested but not available for checking: 'networksis'
Flavors: r-devel-linux-x86_64-debian-clang, r-devel-linux-x86_64-debian-gcc, r-devel-linux-x86_64-fedora-clang, r-devel-linux-x86_64-fedora-gcc, r-patched-linux-x86_64, r-release-linux-x86_64