CRAN Package Check Results for Package statnet.common

Last updated on 2022-08-12 03:53:40 CEST.

Flavor Version Tinstall Tcheck Ttotal Status Flags
r-devel-linux-x86_64-debian-clang 4.6.0 5.99 41.32 47.31 NOTE
r-devel-linux-x86_64-debian-gcc 4.6.0 4.22 32.03 36.25 NOTE
r-devel-linux-x86_64-fedora-clang 4.6.0 65.34 NOTE
r-devel-linux-x86_64-fedora-gcc 4.6.0 63.69 NOTE
r-devel-windows-x86_64 4.6.0 112.00 73.00 185.00 NOTE
r-patched-linux-x86_64 4.6.0 8.73 38.66 47.39 NOTE
r-release-linux-x86_64 4.6.0 4.59 38.36 42.95 NOTE
r-release-macos-arm64 4.6.0 32.00 NOTE
r-release-macos-x86_64 4.6.0 33.00 NOTE
r-release-windows-x86_64 4.6.0 118.00 73.00 191.00 NOTE
r-oldrel-macos-arm64 4.6.0 32.00 NOTE
r-oldrel-macos-x86_64 4.6.0 32.00 NOTE
r-oldrel-windows-ix86+x86_64 4.6.0 12.00 75.00 87.00 NOTE

Check Details

Version: 4.6.0
Check: package subdirectories
Result: NOTE
    Problems with news in 'NEWS.md':
     Cannot extract version info from the following section titles:
     Enhancements to existing utilities
     Miscellaneous changes
Flavors: r-devel-linux-x86_64-debian-clang, r-devel-linux-x86_64-debian-gcc, r-devel-linux-x86_64-fedora-clang, r-devel-linux-x86_64-fedora-gcc, r-devel-windows-x86_64

Version: 4.6.0
Check: R code for possible problems
Result: NOTE
    Found the following possibly unsafe calls:
    File 'statnet.common/R/control.utilities.R':
     unlockBinding("snctrl", environment(snctrl))
     unlockBinding("snctrl", environment(update_my_snctrl))
Flavors: r-devel-linux-x86_64-debian-clang, r-devel-linux-x86_64-debian-gcc, r-devel-linux-x86_64-fedora-clang, r-devel-linux-x86_64-fedora-gcc, r-devel-windows-x86_64, r-patched-linux-x86_64, r-release-linux-x86_64, r-release-macos-arm64, r-release-macos-x86_64, r-release-windows-x86_64, r-oldrel-macos-arm64, r-oldrel-macos-x86_64, r-oldrel-windows-ix86+x86_64