CRAN Package Check Results for Package statgenSTA

Last updated on 2022-06-25 03:51:10 CEST.

Flavor Version Tinstall Tcheck Ttotal Status Flags
r-devel-linux-x86_64-debian-clang 1.0.8 12.60 236.81 249.41 NOTE
r-devel-linux-x86_64-debian-gcc 1.0.8 10.63 172.16 182.79 NOTE
r-devel-linux-x86_64-fedora-clang 1.0.9 300.48 NOTE
r-devel-linux-x86_64-fedora-gcc 1.0.9 319.61 NOTE
r-devel-windows-x86_64 1.0.8 48.00 248.00 296.00 NOTE
r-patched-linux-x86_64 1.0.8 12.33 217.44 229.77 NOTE
r-release-linux-x86_64 1.0.8 12.21 220.18 232.39 NOTE
r-release-macos-arm64 1.0.9 91.00 NOTE
r-release-macos-x86_64 1.0.8 138.00 NOTE
r-release-windows-x86_64 1.0.8 61.00 253.00 314.00 NOTE
r-oldrel-macos-arm64 1.0.9 70.00 NOTE
r-oldrel-macos-x86_64 1.0.8 158.00 NOTE
r-oldrel-windows-ix86+x86_64 1.0.8 24.00 258.00 282.00 NOTE

Check Details

Version: 1.0.8
Check: package dependencies
Result: NOTE
    Package suggested but not available for checking: 'asreml'
Flavors: r-devel-linux-x86_64-debian-clang, r-devel-linux-x86_64-debian-gcc, r-devel-windows-x86_64, r-patched-linux-x86_64, r-release-linux-x86_64, r-release-macos-x86_64, r-release-windows-x86_64, r-oldrel-macos-x86_64, r-oldrel-windows-ix86+x86_64

Version: 1.0.9
Check: package dependencies
Result: NOTE
    Package suggested but not available for checking: ‘asreml’
Flavors: r-devel-linux-x86_64-fedora-clang, r-devel-linux-x86_64-fedora-gcc, r-release-macos-arm64, r-oldrel-macos-arm64

Version: 1.0.9
Check: dependencies in R code
Result: NOTE
    Namespace in Imports field not imported from: ‘mapproj’
     All declared Imports should be used.
Flavors: r-devel-linux-x86_64-fedora-clang, r-devel-linux-x86_64-fedora-gcc, r-release-macos-arm64, r-oldrel-macos-arm64

Version: 1.0.8
Check: dependencies in R code
Result: NOTE
    Namespace in Imports field not imported from: ‘mapproj’
     All declared Imports should be used.
Flavors: r-release-macos-x86_64, r-oldrel-macos-x86_64