Last updated on 2022-06-27 15:53:55 CEST.
Flavor | Version | Tinstall | Tcheck | Ttotal | Status | Flags |
---|---|---|---|---|---|---|
r-devel-linux-x86_64-debian-clang | 1.0.4 | 8.75 | 201.46 | 210.21 | NOTE | |
r-devel-linux-x86_64-debian-gcc | 1.0.4 | 7.13 | 144.12 | 151.25 | NOTE | |
r-devel-linux-x86_64-fedora-clang | 1.0.4 | 253.79 | NOTE | |||
r-devel-linux-x86_64-fedora-gcc | 1.0.4 | 278.37 | NOTE | |||
r-devel-windows-x86_64 | 1.0.4 | 51.00 | 221.00 | 272.00 | NOTE | |
r-patched-linux-x86_64 | 1.0.4 | 15.21 | 187.24 | 202.45 | NOTE | |
r-release-linux-x86_64 | 1.0.4 | 10.24 | 190.48 | 200.72 | NOTE | |
r-release-macos-arm64 | 1.0.4 | 81.00 | NOTE | |||
r-release-macos-x86_64 | 1.0.4 | 111.00 | NOTE | |||
r-release-windows-x86_64 | 1.0.4 | 63.00 | 229.00 | 292.00 | NOTE | |
r-oldrel-macos-arm64 | 1.0.4 | 117.00 | NOTE | |||
r-oldrel-macos-x86_64 | 1.0.4 | 135.00 | NOTE | |||
r-oldrel-windows-ix86+x86_64 | 1.0.4 | 24.00 | 223.00 | 247.00 | NOTE |
Version: 1.0.4
Check: package dependencies
Result: NOTE
Package suggested but not available for checking: 'asreml'
Flavors: r-devel-linux-x86_64-debian-clang, r-devel-linux-x86_64-debian-gcc, r-devel-linux-x86_64-fedora-clang, r-devel-linux-x86_64-fedora-gcc, r-devel-windows-x86_64, r-patched-linux-x86_64, r-release-linux-x86_64, r-release-macos-arm64, r-release-macos-x86_64, r-release-windows-x86_64, r-oldrel-macos-arm64, r-oldrel-macos-x86_64, r-oldrel-windows-ix86+x86_64