Last updated on 2022-06-27 15:53:55 CEST.
Flavor | Version | Tinstall | Tcheck | Ttotal | Status | Flags |
---|---|---|---|---|---|---|
r-devel-linux-x86_64-debian-clang | 1.0.8 | 107.61 | 251.55 | 359.16 | OK | |
r-devel-linux-x86_64-debian-gcc | 1.0.8 | 89.87 | 170.14 | 260.01 | OK | |
r-devel-linux-x86_64-fedora-clang | 1.0.8 | 455.51 | NOTE | |||
r-devel-linux-x86_64-fedora-gcc | 1.0.8 | 424.94 | OK | |||
r-devel-windows-x86_64 | 1.0.8 | 111.00 | 266.00 | 377.00 | NOTE | |
r-patched-linux-x86_64 | 1.0.8 | 98.26 | 225.86 | 324.12 | OK | |
r-release-linux-x86_64 | 1.0.8 | 95.45 | 221.47 | 316.92 | OK | |
r-release-macos-arm64 | 1.0.8 | 265.00 | NOTE | |||
r-release-macos-x86_64 | 1.0.8 | 621.00 | NOTE | |||
r-release-windows-x86_64 | 1.0.8 | 110.00 | 277.00 | 387.00 | NOTE | |
r-oldrel-macos-arm64 | 1.0.8 | 246.00 | NOTE | |||
r-oldrel-macos-x86_64 | 1.0.8 | 411.00 | NOTE | |||
r-oldrel-windows-ix86+x86_64 | 1.0.8 | 256.00 | 284.00 | 540.00 | NOTE |
Version: 1.0.8
Check: installed package size
Result: NOTE
installed size is 7.5Mb
sub-directories of 1Mb or more:
data 2.7Mb
libs 3.7Mb
Flavors: r-devel-linux-x86_64-fedora-clang, r-devel-windows-x86_64, r-release-macos-arm64, r-release-macos-x86_64, r-release-windows-x86_64, r-oldrel-macos-arm64, r-oldrel-macos-x86_64, r-oldrel-windows-ix86+x86_64