Last updated on 2021-01-26 15:49:58 CET.
Flavor | Version | Tinstall | Tcheck | Ttotal | Status | Flags |
---|---|---|---|---|---|---|
r-devel-linux-x86_64-debian-clang | 0.4.0 | 125.01 | 136.25 | 261.26 | OK | |
r-devel-linux-x86_64-debian-gcc | 0.4.0 | 80.62 | 106.57 | 187.19 | OK | |
r-devel-linux-x86_64-fedora-clang | 0.4.0 | 343.50 | NOTE | |||
r-devel-linux-x86_64-fedora-gcc | 0.4.0 | 309.04 | OK | |||
r-devel-windows-ix86+x86_64 | 0.4.0 | 256.00 | 189.00 | 445.00 | OK | |
r-patched-linux-x86_64 | 0.4.0 | 90.50 | 127.11 | 217.61 | OK | |
r-patched-solaris-x86 | 0.4.0 | 296.90 | OK | |||
r-release-linux-x86_64 | 0.4.0 | 91.84 | 127.85 | 219.69 | OK | |
r-release-macos-x86_64 | 0.4.0 | NOTE | ||||
r-release-windows-ix86+x86_64 | 0.4.0 | 257.00 | 150.00 | 407.00 | OK | |
r-oldrel-macos-x86_64 | 0.4.0 | NOTE | ||||
r-oldrel-windows-ix86+x86_64 | 0.4.0 | 212.00 | 174.00 | 386.00 | OK |
Version: 0.4.0
Check: installed package size
Result: NOTE
installed size is 7.2Mb
sub-directories of 1Mb or more:
libs 6.5Mb
Flavors: r-devel-linux-x86_64-fedora-clang, r-release-macos-x86_64, r-oldrel-macos-x86_64