CRAN Package Check Results for Package statVisual

Last updated on 2022-06-28 03:51:44 CEST.

Flavor Version Tinstall Tcheck Ttotal Status Flags
r-devel-linux-x86_64-debian-clang 1.2.1 20.85 252.88 273.73 OK
r-devel-linux-x86_64-debian-gcc 1.2.1 16.44 180.24 196.68 OK
r-devel-linux-x86_64-fedora-clang 1.2.1 322.74 NOTE
r-devel-linux-x86_64-fedora-gcc 1.2.1 293.40 NOTE
r-devel-windows-x86_64 1.2.1 45.00 265.00 310.00 OK
r-patched-linux-x86_64 1.2.1 25.72 228.17 253.89 OK
r-release-linux-x86_64 1.2.1 16.04 230.14 246.18 OK
r-release-macos-arm64 1.2.1 58.00 NOTE
r-release-macos-x86_64 1.2.1 8.00 ERROR
r-release-windows-x86_64 1.2.1 53.00 263.00 316.00 OK
r-oldrel-macos-arm64 1.2.1 5.00 ERROR
r-oldrel-macos-x86_64 1.2.1 7.00 ERROR
r-oldrel-windows-ix86+x86_64 1.2.1 47.00 258.00 305.00 OK

Check Details

Version: 1.2.1
Check: package dependencies
Result: NOTE
    Imports includes 23 non-default packages.
    Importing from so many packages makes the package vulnerable to any of
    them becoming unavailable. Move as many as possible to Suggests and
    use conditionally.
Flavor: r-devel-linux-x86_64-fedora-clang

Version: 1.2.1
Check: dependencies in R code
Result: NOTE
    Namespaces in Imports field not imported from:
     ‘gbm’ ‘ggfortify’ ‘tibble’ ‘tidyverse’
     All declared Imports should be used.
Flavors: r-devel-linux-x86_64-fedora-clang, r-devel-linux-x86_64-fedora-gcc, r-release-macos-arm64

Version: 1.2.1
Check: package dependencies
Result: ERROR
    Package required but not available: ‘pvca’
    
    See section ‘The DESCRIPTION file’ in the ‘Writing R Extensions’
    manual.
Flavors: r-release-macos-x86_64, r-oldrel-macos-arm64, r-oldrel-macos-x86_64