CRAN Package Check Results for Package starschemar

Last updated on 2022-08-15 03:53:00 CEST.

Flavor Version Tinstall Tcheck Ttotal Status Flags
r-devel-linux-x86_64-debian-clang 1.2.0 8.77 118.57 127.34 OK
r-devel-linux-x86_64-debian-gcc 1.2.0 6.99 88.97 95.96 OK
r-devel-linux-x86_64-fedora-clang 1.2.0 154.78 NOTE
r-devel-linux-x86_64-fedora-gcc 1.2.0 150.13 NOTE
r-devel-windows-x86_64 1.2.0 251.00 161.00 412.00 OK
r-patched-linux-x86_64 1.2.0 8.96 105.76 114.72 OK
r-release-linux-x86_64 1.2.0 5.65 105.48 111.13 OK
r-release-macos-arm64 1.2.0 45.00 NOTE
r-release-macos-x86_64 1.2.0 78.00 NOTE
r-release-windows-x86_64 1.2.0 135.00 159.00 294.00 OK
r-oldrel-macos-arm64 1.2.0 53.00 NOTE
r-oldrel-macos-x86_64 1.2.0 75.00 NOTE
r-oldrel-windows-ix86+x86_64 1.2.0 21.00 152.00 173.00 OK

Check Details

Version: 1.2.0
Check: dependencies in R code
Result: NOTE
    Namespaces in Imports field not imported from:
     ‘pander’ ‘readr’ ‘tidyselect’
     All declared Imports should be used.
Flavors: r-devel-linux-x86_64-fedora-clang, r-devel-linux-x86_64-fedora-gcc, r-release-macos-arm64, r-release-macos-x86_64, r-oldrel-macos-arm64, r-oldrel-macos-x86_64