CRAN Package Check Results for Package stars

Last updated on 2020-09-30 15:48:12 CEST.

Flavor Version Tinstall Tcheck Ttotal Status Flags
r-devel-linux-x86_64-debian-clang 0.4-3 12.04 300.04 312.08 NOTE
r-devel-linux-x86_64-debian-gcc 0.4-3 9.27 228.57 237.84 NOTE
r-devel-linux-x86_64-fedora-clang 0.4-3 404.29 NOTE
r-devel-linux-x86_64-fedora-gcc 0.4-3 383.25 NOTE
r-devel-windows-ix86+x86_64 0.4-3 25.00 283.00 308.00 NOTE
r-patched-linux-x86_64 0.4-3 11.16 289.23 300.39 NOTE
r-patched-solaris-x86 0.4-3 517.80 NOTE
r-release-linux-x86_64 0.4-3 11.54 287.69 299.23 NOTE
r-release-macos-x86_64 0.4-3 NOTE
r-release-windows-ix86+x86_64 0.4-3 26.00 382.00 408.00 NOTE
r-oldrel-macos-x86_64 0.4-3 NOTE
r-oldrel-windows-ix86+x86_64 0.4-3 23.00 367.00 390.00 NOTE

Check Details

Version: 0.4-3
Check: package dependencies
Result: NOTE
    Package suggested but not available for checking: 'starsdata'
Flavors: r-devel-linux-x86_64-debian-clang, r-devel-linux-x86_64-debian-gcc, r-devel-linux-x86_64-fedora-clang, r-devel-linux-x86_64-fedora-gcc, r-devel-windows-ix86+x86_64, r-patched-linux-x86_64, r-patched-solaris-x86, r-release-linux-x86_64, r-release-macos-x86_64, r-release-windows-ix86+x86_64, r-oldrel-macos-x86_64, r-oldrel-windows-ix86+x86_64

Version: 0.4-3
Check: installed package size
Result: NOTE
     installed size is 8.2Mb
     sub-directories of 1Mb or more:
     doc 1.9Mb
     nc 4.5Mb
Flavors: r-devel-linux-x86_64-fedora-clang, r-devel-windows-ix86+x86_64, r-patched-solaris-x86, r-release-macos-x86_64, r-release-windows-ix86+x86_64, r-oldrel-macos-x86_64, r-oldrel-windows-ix86+x86_64