CRAN Package Check Results for Package starnet

Last updated on 2024-07-14 03:55:22 CEST.

Flavor Version Tinstall Tcheck Ttotal Status Flags
r-devel-linux-x86_64-debian-clang 0.0.6 6.82 105.90 112.72 NOTE
r-devel-linux-x86_64-debian-gcc 0.0.6 4.73 78.21 82.94 NOTE
r-devel-linux-x86_64-fedora-clang 0.0.6 137.87 NOTE
r-devel-linux-x86_64-fedora-gcc 0.0.6 151.60 NOTE
r-devel-windows-x86_64 0.0.6 6.00 93.00 99.00 NOTE
r-patched-linux-x86_64 0.0.6 7.08 102.58 109.66 NOTE
r-release-linux-x86_64 0.0.6 7.19 98.14 105.33 NOTE
r-release-macos-arm64 0.0.6 48.00 NOTE
r-release-macos-x86_64 0.0.6 76.00 NOTE
r-release-windows-x86_64 0.0.6 7.00 94.00 101.00 NOTE
r-oldrel-macos-arm64 0.0.6 57.00 NOTE
r-oldrel-macos-x86_64 0.0.6 80.00 NOTE
r-oldrel-windows-x86_64 0.0.6 9.00 116.00 125.00 NOTE

Check Details

Version: 0.0.6
Check: LazyData
Result: NOTE 'LazyData' is specified without a 'data' directory Flavors: r-devel-linux-x86_64-debian-clang, r-devel-linux-x86_64-debian-gcc, r-devel-linux-x86_64-fedora-clang, r-devel-linux-x86_64-fedora-gcc, r-devel-windows-x86_64, r-patched-linux-x86_64, r-release-linux-x86_64, r-release-macos-arm64, r-release-macos-x86_64, r-release-windows-x86_64, r-oldrel-macos-arm64, r-oldrel-macos-x86_64, r-oldrel-windows-x86_64

Version: 0.0.6
Check: package dependencies
Result: NOTE Package which this enhances but not available for checking: ‘CVXR’ Flavor: r-oldrel-macos-x86_64