CRAN Package Check Results for Package starm

Last updated on 2020-11-25 15:52:10 CET.

Flavor Version Tinstall Tcheck Ttotal Status Flags
r-devel-linux-x86_64-debian-clang 0.1.0 5.00 39.49 44.49 OK
r-devel-linux-x86_64-debian-gcc 0.1.0 4.28 30.96 35.24 OK
r-devel-linux-x86_64-fedora-clang 0.1.0 54.32 NOTE
r-devel-linux-x86_64-fedora-gcc 0.1.0 57.21 NOTE
r-devel-windows-ix86+x86_64 0.1.0 8.00 50.00 58.00 OK
r-patched-linux-x86_64 0.1.0 5.31 37.24 42.55 OK
r-patched-solaris-x86 0.1.0 67.60 NOTE
r-release-linux-x86_64 0.1.0 5.25 38.95 44.20 OK
r-release-macos-x86_64 0.1.0 NOTE
r-release-windows-ix86+x86_64 0.1.0 8.00 53.00 61.00 OK
r-oldrel-macos-x86_64 0.1.0 NOTE
r-oldrel-windows-ix86+x86_64 0.1.0 6.00 46.00 52.00 OK

Check Details

Version: 0.1.0
Check: dependencies in R code
Result: NOTE
    Namespace in Imports field not imported from: ‘Matrix’
     All declared Imports should be used.
Flavors: r-devel-linux-x86_64-fedora-clang, r-devel-linux-x86_64-fedora-gcc, r-patched-solaris-x86, r-release-macos-x86_64, r-oldrel-macos-x86_64