CRAN Package Check Results for Package stargazer

Last updated on 2020-09-30 15:48:12 CEST.

Flavor Version Tinstall Tcheck Ttotal Status Flags
r-devel-linux-x86_64-debian-clang 5.2.2 11.92 59.34 71.26 NOTE
r-devel-linux-x86_64-debian-gcc 5.2.2 10.23 44.45 54.68 NOTE
r-devel-linux-x86_64-fedora-clang 5.2.2 91.55 NOTE
r-devel-linux-x86_64-fedora-gcc 5.2.2 92.38 NOTE
r-devel-windows-ix86+x86_64 5.2.2 21.00 58.00 79.00 NOTE
r-patched-linux-x86_64 5.2.2 11.51 55.03 66.54 NOTE
r-patched-solaris-x86 5.2.2 96.80 NOTE
r-release-linux-x86_64 5.2.2 11.06 54.99 66.05 NOTE
r-release-macos-x86_64 5.2.2 NOTE
r-release-windows-ix86+x86_64 5.2.2 17.00 83.00 100.00 OK
r-oldrel-macos-x86_64 5.2.2 NOTE
r-oldrel-windows-ix86+x86_64 5.2.2 17.00 80.00 97.00 OK

Check Details

Version: 5.2.2
Check: package dependencies
Result: NOTE
    Package which this enhances but not available for checking: 'Zelig'
Flavors: r-devel-linux-x86_64-debian-clang, r-devel-linux-x86_64-debian-gcc, r-devel-linux-x86_64-fedora-clang, r-devel-linux-x86_64-fedora-gcc, r-patched-linux-x86_64, r-patched-solaris-x86, r-release-linux-x86_64, r-release-macos-x86_64

Version: 5.2.2
Check: package dependencies
Result: NOTE
    Package which this enhances but not available for checking: 'brglm'
Flavor: r-devel-windows-ix86+x86_64

Version: 5.2.2
Check: package dependencies
Result: NOTE
    Package which this enhances but not available for checking: ‘mnlogit’
Flavor: r-oldrel-macos-x86_64