CRAN Package Check Results for Package stanette

Last updated on 2022-10-02 15:54:38 CEST.

Flavor Version Tinstall Tcheck Ttotal Status Flags
r-devel-linux-x86_64-debian-clang 2.21.4 758.03 154.59 912.62 NOTE
r-devel-linux-x86_64-debian-gcc 2.21.4 1038.79 118.57 1157.36 WARN
r-devel-linux-x86_64-fedora-clang 2.21.4 1313.36 NOTE
r-devel-linux-x86_64-fedora-gcc 2.21.4 1561.14 WARN
r-devel-windows-x86_64 2.21.4 1210.00 264.00 1474.00 WARN
r-patched-linux-x86_64 2.21.4 843.81 149.85 993.66 NOTE
r-release-linux-x86_64 2.21.4 853.24 150.37 1003.61 NOTE
r-release-macos-arm64 2.21.4 360.00 NOTE
r-release-macos-x86_64 2.21.4 474.00 NOTE
r-release-windows-x86_64 2.21.4 1531.00 265.00 1796.00 NOTE
r-oldrel-macos-arm64 2.21.4 360.00 NOTE
r-oldrel-macos-x86_64 2.21.4 473.00 NOTE
r-oldrel-windows-ix86+x86_64 2.21.4 1942.00 299.00 2241.00 WARN

Check Details

Version: 2.21.4
Check: for GNU extensions in Makefiles
Result: NOTE
    GNU make is a SystemRequirements.
Flavors: r-devel-linux-x86_64-debian-clang, r-devel-linux-x86_64-debian-gcc, r-devel-linux-x86_64-fedora-clang, r-devel-linux-x86_64-fedora-gcc, r-devel-windows-x86_64, r-patched-linux-x86_64, r-release-linux-x86_64, r-release-macos-arm64, r-release-macos-x86_64, r-release-windows-x86_64, r-oldrel-macos-arm64, r-oldrel-macos-x86_64, r-oldrel-windows-ix86+x86_64

Version: 2.21.4
Check: whether package can be installed
Result: WARN
    Found the following significant warnings:
     parse.c:71:15: warning: format ‘%p’ expects argument of type ‘void *’, but argument 2 has type ‘PNode *’ [-Wformat=]
     symtab.c:473:18: warning: format ‘%p’ expects argument of type ‘void *’, but argument 2 has type ‘D_Scope *’ [-Wformat=]
Flavors: r-devel-linux-x86_64-debian-gcc, r-devel-linux-x86_64-fedora-gcc, r-devel-windows-x86_64

Version: 2.21.4
Check: installed package size
Result: NOTE
     installed size is 11.4Mb
     sub-directories of 1Mb or more:
     lib 2.2Mb
     libs 7.6Mb
Flavors: r-devel-linux-x86_64-fedora-clang, r-devel-windows-x86_64, r-release-macos-arm64, r-release-macos-x86_64, r-release-windows-x86_64, r-oldrel-macos-arm64, r-oldrel-macos-x86_64, r-oldrel-windows-ix86+x86_64

Version: 2.21.4
Check: Rd cross-references
Result: NOTE
    Undeclared packages ‘rstan’, ‘rstanarm’ in Rd xrefs
Flavor: r-devel-linux-x86_64-fedora-clang

Version: 2.21.4
Check: whether package can be installed
Result: WARN
    Found the following significant warnings:
     arg.c:165:17: warning: too many arguments for format [-Wformat-extra-args]
Flavor: r-oldrel-windows-ix86+x86_64