CRAN Package Check Results for Package stampr

Last updated on 2022-07-03 03:50:08 CEST.

Flavor Version Tinstall Tcheck Ttotal Status Flags
r-devel-linux-x86_64-debian-clang 0.2 34.10 318.22 352.32 NOTE
r-devel-linux-x86_64-debian-gcc 0.2 26.50 236.24 262.74 NOTE
r-devel-linux-x86_64-fedora-clang 0.2 418.45 NOTE
r-devel-linux-x86_64-fedora-gcc 0.2 413.08 NOTE
r-devel-windows-x86_64 0.2 32.00 349.00 381.00 NOTE
r-patched-linux-x86_64 0.2 33.45 304.84 338.29 OK
r-release-linux-x86_64 0.2 27.82 306.65 334.47 OK
r-release-macos-arm64 0.2 109.00 OK
r-release-macos-x86_64 0.2 132.00 OK
r-release-windows-x86_64 0.2 35.00 342.00 377.00 OK
r-oldrel-macos-arm64 0.2 82.00 OK
r-oldrel-macos-x86_64 0.2 120.00 OK
r-oldrel-windows-ix86+x86_64 0.2 80.00 372.00 452.00 OK

Check Details

Version: 0.2
Check: Rd files
Result: NOTE
    checkRd: (-1) katrina.Rd:36: Escaped LaTeX specials: \&
Flavors: r-devel-linux-x86_64-debian-clang, r-devel-linux-x86_64-debian-gcc, r-devel-linux-x86_64-fedora-clang, r-devel-linux-x86_64-fedora-gcc, r-devel-windows-x86_64