CRAN Package Check Results for Package stacks

Last updated on 2022-07-02 03:51:40 CEST.

Flavor Version Tinstall Tcheck Ttotal Status Flags
r-devel-linux-x86_64-debian-clang 0.2.3 25.42 543.80 569.22 OK
r-devel-linux-x86_64-debian-gcc 0.2.3 21.69 411.90 433.59 OK
r-devel-linux-x86_64-fedora-clang 0.2.3 496.96 ERROR
r-devel-linux-x86_64-fedora-gcc 0.2.3 578.43 ERROR
r-devel-windows-x86_64 0.2.3 49.00 551.00 600.00 OK
r-patched-linux-x86_64 0.2.3 20.44 516.10 536.54 OK
r-release-linux-x86_64 0.2.3 21.73 511.37 533.10 OK
r-release-macos-arm64 0.2.3 207.00 OK
r-release-macos-x86_64 0.2.3 261.00 OK
r-release-windows-x86_64 0.2.3 54.00 536.00 590.00 OK
r-oldrel-macos-arm64 0.2.3 173.00 OK
r-oldrel-macos-x86_64 0.2.3 261.00 OK
r-oldrel-windows-ix86+x86_64 0.2.3 51.00 600.00 651.00 OK

Check Details

Version: 0.2.3
Check: re-building of vignette outputs
Result: ERROR
    Error(s) in re-building vignettes:
    --- re-building ‘basics.Rmd’ using rmarkdown
    Quitting from lines 149-158 (basics.Rmd)
    Error: processing vignette 'basics.Rmd' failed with diagnostics:
    `step_meanimpute()` was deprecated in recipes 0.1.16 and is now defunct.
    Please use `step_impute_mean()` instead.
    --- failed re-building ‘basics.Rmd’
    
    --- re-building ‘classification.Rmd’ using rmarkdown
    i Creating pre-processing data to finalize unknown parameter: mtry
    ! Bootstrap02: preprocessor 1/1, model 1/1: from glmnet C++ code (error code -68); Conv...
    ! Bootstrap03: preprocessor 1/1, model 1/1: from glmnet C++ code (error code -74); Conv...
    ! Bootstrap04: preprocessor 1/1, model 1/1: from glmnet C++ code (error code -63); Conv...
    ! Bootstrap06: preprocessor 1/1, model 1/1: from glmnet C++ code (error code -74); Conv...
    ! Bootstrap08: preprocessor 1/1, model 1/1: from glmnet C++ code (error code -56); Conv...
    ! Bootstrap10: preprocessor 1/1, model 1/1: from glmnet C++ code (error code -72); Conv...
    ! Bootstrap12: preprocessor 1/1, model 1/1: from glmnet C++ code (error code -62); Conv...
    ! Bootstrap13: preprocessor 1/1, model 1/1: from glmnet C++ code (error code -75); Conv...
    ! Bootstrap15: preprocessor 1/1, model 1/1: from glmnet C++ code (error code -63); Conv...
    ! Bootstrap16: preprocessor 1/1, model 1/1: from glmnet C++ code (error code -65); Conv...
    ! Bootstrap18: preprocessor 1/1, model 1/1: from glmnet C++ code (error code -59); Conv...
    ! Bootstrap19: preprocessor 1/1, model 1/1: from glmnet C++ code (error code -72); Conv...
    ! Bootstrap21: preprocessor 1/1, model 1/1: from glmnet C++ code (error code -63); Conv...
    ! Bootstrap22: preprocessor 1/1, model 1/1: from glmnet C++ code (error code -62); Conv...
    ! Bootstrap23: preprocessor 1/1, model 1/1: from glmnet C++ code (error code -66); Conv...
    ── A stacked ensemble model ─────────────────────────────────────
    
    Out of 40 possible candidate members, the ensemble retained 28.
    Penalty: 1e-06.
    Mixture: 1.
    Across the 3 classes, there are an average of 9.33 coefficients per class.
    
    The 10 highest weighted member classes are:
    --- finished re-building ‘classification.Rmd’
    
    SUMMARY: processing the following file failed:
     ‘basics.Rmd’
    
    Error: Vignette re-building failed.
    Execution halted
Flavor: r-devel-linux-x86_64-fedora-clang

Version: 0.2.3
Check: re-building of vignette outputs
Result: ERROR
    Error(s) in re-building vignettes:
    --- re-building ‘basics.Rmd’ using rmarkdown
    Quitting from lines 149-158 (basics.Rmd)
    Error: processing vignette 'basics.Rmd' failed with diagnostics:
    `step_meanimpute()` was deprecated in recipes 0.1.16 and is now defunct.
    Please use `step_impute_mean()` instead.
    --- failed re-building ‘basics.Rmd’
    
    --- re-building ‘classification.Rmd’ using rmarkdown
    i Creating pre-processing data to finalize unknown parameter: mtry
    ! Bootstrap01: preprocessor 1/1, model 1/1: from glmnet C++ code (error code -66); Conv...
    ! Bootstrap02: preprocessor 1/1, model 1/1: from glmnet C++ code (error code -66); Conv...
    ! Bootstrap05: preprocessor 1/1, model 1/1: from glmnet C++ code (error code -67); Conv...
    ! Bootstrap07: preprocessor 1/1, model 1/1: from glmnet C++ code (error code -89); Conv...
    ! Bootstrap11: preprocessor 1/1, model 1/1: from glmnet C++ code (error code -87); Conv...
    ! Bootstrap12: preprocessor 1/1, model 1/1: from glmnet C++ code (error code -61); Conv...
    ! Bootstrap13: preprocessor 1/1, model 1/1: from glmnet C++ code (error code -76); Conv...
    ! Bootstrap15: preprocessor 1/1, model 1/1: from glmnet C++ code (error code -64); Conv...
    ! Bootstrap16: preprocessor 1/1, model 1/1: from glmnet C++ code (error code -67); Conv...
    ! Bootstrap17: preprocessor 1/1, model 1/1: from glmnet C++ code (error code -72); Conv...
    ! Bootstrap18: preprocessor 1/1, model 1/1: from glmnet C++ code (error code -58); Conv...
    ! Bootstrap22: preprocessor 1/1, model 1/1: from glmnet C++ code (error code -71); Conv...
    ── A stacked ensemble model ─────────────────────────────────────
    
    Out of 40 possible candidate members, the ensemble retained 13.
    Penalty: 0.01.
    Mixture: 1.
    Across the 3 classes, there are an average of 4.33 coefficients per class.
    
    The 10 highest weighted member classes are:
    --- finished re-building ‘classification.Rmd’
    
    SUMMARY: processing the following file failed:
     ‘basics.Rmd’
    
    Error: Vignette re-building failed.
    Execution halted
Flavor: r-devel-linux-x86_64-fedora-gcc