CRAN Package Check Results for Package stabs

Last updated on 2020-09-29 15:47:47 CEST.

Flavor Version Tinstall Tcheck Ttotal Status Flags
r-devel-linux-x86_64-debian-clang 0.6-3 2.69 84.16 86.85 NOTE
r-devel-linux-x86_64-debian-gcc 0.6-3 2.57 67.18 69.75 NOTE
r-devel-linux-x86_64-fedora-clang 0.6-3 124.53 NOTE
r-devel-linux-x86_64-fedora-gcc 0.6-3 107.38 NOTE
r-devel-windows-ix86+x86_64 0.6-3 7.00 74.00 81.00 OK
r-patched-linux-x86_64 0.6-3 3.08 83.06 86.14 NOTE
r-patched-solaris-x86 0.6-3 165.70 NOTE
r-release-linux-x86_64 0.6-3 3.08 85.09 88.17 NOTE
r-release-macos-x86_64 0.6-3 OK
r-release-windows-ix86+x86_64 0.6-3 5.00 104.00 109.00 OK
r-oldrel-macos-x86_64 0.6-3 OK
r-oldrel-windows-ix86+x86_64 0.6-3 39.00 91.00 130.00 OK

Check Details

Version: 0.6-3
Check: package dependencies
Result: NOTE
    Package suggested but not available for checking: 'QUIC'
Flavors: r-devel-linux-x86_64-debian-clang, r-devel-linux-x86_64-debian-gcc, r-devel-linux-x86_64-fedora-clang, r-devel-linux-x86_64-fedora-gcc, r-patched-linux-x86_64, r-patched-solaris-x86, r-release-linux-x86_64

Version: 0.6-3
Check: Rd cross-references
Result: NOTE
    Unknown package 'QUIC' in Rd xrefs
Flavors: r-devel-linux-x86_64-debian-clang, r-devel-linux-x86_64-debian-gcc, r-devel-linux-x86_64-fedora-clang, r-devel-linux-x86_64-fedora-gcc, r-patched-linux-x86_64, r-patched-solaris-x86, r-release-linux-x86_64