CRAN Package Check Results for Package stable

Last updated on 2024-07-22 15:57:35 CEST.

Flavor Version Tinstall Tcheck Ttotal Status Flags
r-devel-linux-x86_64-debian-clang 1.1.6 4.83 33.95 38.78 NOTE
r-devel-linux-x86_64-debian-gcc 1.1.6 3.53 25.12 28.65 NOTE
r-devel-linux-x86_64-fedora-clang 1.1.6 48.16 NOTE
r-devel-linux-x86_64-fedora-gcc 1.1.6 45.84 NOTE
r-devel-windows-x86_64 1.1.6 8.00 53.00 61.00 NOTE
r-patched-linux-x86_64 1.1.6 5.52 32.90 38.42 NOTE
r-release-linux-x86_64 1.1.6 4.18 32.21 36.39 NOTE
r-release-macos-arm64 1.1.6 18.00 NOTE
r-release-macos-x86_64 1.1.6 39.00 NOTE
r-release-windows-x86_64 1.1.6 6.00 50.00 56.00 NOTE
r-oldrel-macos-arm64 1.1.6 20.00 NOTE
r-oldrel-macos-x86_64 1.1.6 26.00 NOTE
r-oldrel-windows-x86_64 1.1.6 9.00 53.00 62.00 NOTE

Check Details

Version: 1.1.6
Check: package subdirectories
Result: NOTE Problems with news in ‘NEWS.md’: No news entries found. Flavors: r-devel-linux-x86_64-debian-clang, r-devel-linux-x86_64-debian-gcc, r-devel-linux-x86_64-fedora-clang, r-devel-linux-x86_64-fedora-gcc, r-devel-windows-x86_64, r-patched-linux-x86_64, r-release-linux-x86_64, r-release-macos-arm64, r-release-macos-x86_64, r-release-windows-x86_64, r-oldrel-macos-arm64, r-oldrel-macos-x86_64, r-oldrel-windows-x86_64