CRAN Package Check Results for Package staRdom

Last updated on 2022-06-30 03:53:36 CEST.

Flavor Version Tinstall Tcheck Ttotal Status Flags
r-devel-linux-x86_64-debian-clang 1.1.25 21.43 289.70 311.13 OK
r-devel-linux-x86_64-debian-gcc 1.1.25 17.68 209.32 227.00 OK
r-devel-linux-x86_64-fedora-clang 1.1.25 356.93 WARN
r-devel-linux-x86_64-fedora-gcc 1.1.25 357.04 WARN
r-devel-windows-x86_64 1.1.25 104.00 397.00 501.00 OK
r-patched-linux-x86_64 1.1.25 25.89 263.27 289.16 OK
r-release-linux-x86_64 1.1.25 17.70 260.03 277.73 OK
r-release-macos-arm64 1.1.25 126.00 OK
r-release-macos-x86_64 1.1.25 257.00 NOTE
r-release-windows-x86_64 1.1.25 87.00 385.00 472.00 OK
r-oldrel-macos-arm64 1.1.25 117.00 OK
r-oldrel-macos-x86_64 1.1.25 181.00 OK
r-oldrel-windows-ix86+x86_64 1.1.25 44.00 395.00 439.00 OK

Check Details

Version: 1.1.25
Check: package dependencies
Result: WARN
    Requires orphaned package: ‘gtools’
Flavors: r-devel-linux-x86_64-fedora-clang, r-devel-linux-x86_64-fedora-gcc

Version: 1.1.25
Check: package dependencies
Result: NOTE
    Package suggested but not available for checking: ‘xlsx’
Flavor: r-release-macos-x86_64