Last updated on 2022-06-24 15:52:48 CEST.
Flavor | Version | Tinstall | Tcheck | Ttotal | Status | Flags |
---|---|---|---|---|---|---|
r-devel-linux-x86_64-debian-clang | 1.5.7 | 16.35 | 105.15 | 121.50 | NOTE | |
r-devel-linux-x86_64-debian-gcc | 1.5.7 | 15.50 | 79.13 | 94.63 | NOTE | |
r-devel-linux-x86_64-fedora-clang | 1.5.7 | 161.56 | NOTE | |||
r-devel-linux-x86_64-fedora-gcc | 1.5.7 | 156.30 | NOTE | |||
r-devel-windows-x86_64 | 1.5.7 | 24.00 | 128.00 | 152.00 | NOTE | |
r-patched-linux-x86_64 | 1.5.7 | 15.19 | 102.41 | 117.60 | OK | |
r-release-linux-x86_64 | 1.5.7 | 15.57 | 101.02 | 116.59 | OK | |
r-release-macos-arm64 | 1.5.7 | 38.00 | OK | |||
r-release-macos-x86_64 | 1.5.7 | 58.00 | OK | |||
r-release-windows-x86_64 | 1.5.7 | 31.00 | 127.00 | 158.00 | OK | |
r-oldrel-macos-arm64 | 1.5.7 | 49.00 | OK | |||
r-oldrel-macos-x86_64 | 1.5.7 | 85.00 | OK | |||
r-oldrel-windows-ix86+x86_64 | 1.5.7 | 30.00 | 121.00 | 151.00 | OK |
Version: 1.5.7
Check: Rd files
Result: NOTE
checkRd: (-1) Snacks.Rd:6: Escaped LaTeX specials: \~
Flavors: r-devel-linux-x86_64-debian-clang, r-devel-linux-x86_64-debian-gcc, r-devel-linux-x86_64-fedora-clang, r-devel-linux-x86_64-fedora-gcc, r-devel-windows-x86_64