CRAN Package Check Results for Package sss

Last updated on 2020-10-21 03:47:34 CEST.

Flavor Version Tinstall Tcheck Ttotal Status Flags
r-devel-linux-x86_64-debian-clang 0.1-0 2.25 30.50 32.75 OK
r-devel-linux-x86_64-debian-gcc 0.1-0 1.95 24.33 26.28 OK
r-devel-linux-x86_64-fedora-clang 0.1-0 48.56 NOTE
r-devel-linux-x86_64-fedora-gcc 0.1-0 40.10 OK
r-devel-windows-ix86+x86_64 0.1-0 5.00 39.00 44.00 OK
r-patched-linux-x86_64 0.1-0 2.51 29.46 31.97 OK
r-patched-solaris-x86 0.1-0 63.30 OK
r-release-linux-x86_64 0.1-0 2.28 29.39 31.67 OK
r-release-macos-x86_64 0.1-0 OK
r-release-windows-ix86+x86_64 0.1-0 5.00 37.00 42.00 OK
r-oldrel-macos-x86_64 0.1-0 OK
r-oldrel-windows-ix86+x86_64 0.1-0 4.00 57.00 61.00 OK

Check Details

Version: 0.1-0
Check: Rd cross-references
Result: NOTE
    Undeclared package ‘XML’ in Rd xrefs
Flavor: r-devel-linux-x86_64-fedora-clang