CRAN Package Check Results for Package squid

Last updated on 2022-06-25 15:51:33 CEST.

Flavor Version Tinstall Tcheck Ttotal Status Flags
r-devel-linux-x86_64-debian-clang 0.2.1 4.90 42.15 47.05 OK
r-devel-linux-x86_64-debian-gcc 0.2.1 3.53 31.64 35.17 OK
r-devel-linux-x86_64-fedora-clang 0.2.1 70.69 WARN
r-devel-linux-x86_64-fedora-gcc 0.2.1 63.97 WARN
r-devel-windows-x86_64 0.2.1 266.00 62.00 328.00 NOTE
r-patched-linux-x86_64 0.2.1 4.81 39.06 43.87 OK
r-release-linux-x86_64 0.2.1 5.53 39.01 44.54 OK
r-release-macos-arm64 0.2.1 25.00 NOTE
r-release-macos-x86_64 0.2.1 35.00 NOTE
r-release-windows-x86_64 0.2.1 250.00 68.00 318.00 NOTE
r-oldrel-macos-arm64 0.2.1 22.00 NOTE
r-oldrel-macos-x86_64 0.2.1 29.00 NOTE
r-oldrel-windows-ix86+x86_64 0.2.1 11.00 60.00 71.00 NOTE

Check Details

Version: 0.2.1
Check: package dependencies
Result: WARN
    Requires (indirectly) orphaned package: ‘gtools’
Flavors: r-devel-linux-x86_64-fedora-clang, r-devel-linux-x86_64-fedora-gcc

Version: 0.2.1
Check: installed package size
Result: NOTE
     installed size is 5.8Mb
     sub-directories of 1Mb or more:
     shiny-squid 5.6Mb
Flavors: r-devel-linux-x86_64-fedora-clang, r-devel-windows-x86_64, r-release-macos-arm64, r-release-macos-x86_64, r-release-windows-x86_64, r-oldrel-macos-arm64, r-oldrel-macos-x86_64, r-oldrel-windows-ix86+x86_64

Version: 0.2.1
Check: dependencies in R code
Result: NOTE
    Namespaces in Imports field not imported from:
     ‘arm’ ‘brms’ ‘lme4’ ‘plotly’ ‘shinyMatrix’
     All declared Imports should be used.
Flavors: r-devel-linux-x86_64-fedora-clang, r-devel-linux-x86_64-fedora-gcc, r-release-macos-arm64, r-release-macos-x86_64, r-oldrel-macos-arm64, r-oldrel-macos-x86_64