CRAN Package Check Results for Package squashinformr

Last updated on 2020-12-01 04:47:48 CET.

Flavor Version Tinstall Tcheck Ttotal Status Flags
r-devel-linux-x86_64-debian-clang 0.1.5 21.58 121.01 142.59 OK
r-devel-linux-x86_64-debian-gcc 0.1.5 14.54 91.54 106.08 OK
r-devel-linux-x86_64-fedora-clang 0.1.5 166.70 NOTE
r-devel-linux-x86_64-fedora-gcc 0.1.5 165.84 NOTE
r-devel-windows-ix86+x86_64 0.1.5 36.00 107.00 143.00 OK
r-patched-linux-x86_64 0.1.5 16.35 112.65 129.00 OK
r-patched-solaris-x86 0.1.5 218.80 NOTE
r-release-linux-x86_64 0.1.5 17.20 112.58 129.78 OK
r-release-macos-x86_64 0.1.5 NOTE
r-release-windows-ix86+x86_64 0.1.5 23.00 104.00 127.00 OK
r-oldrel-macos-x86_64 0.1.5 NOTE
r-oldrel-windows-ix86+x86_64 0.1.5 35.00 132.00 167.00 OK

Check Details

Version: 0.1.5
Check: dependencies in R code
Result: NOTE
    Namespace in Imports field not imported from: ‘xml2’
     All declared Imports should be used.
Flavors: r-devel-linux-x86_64-fedora-clang, r-devel-linux-x86_64-fedora-gcc, r-patched-solaris-x86, r-release-macos-x86_64, r-oldrel-macos-x86_64