Last updated on 2022-06-28 15:53:29 CEST.
Flavor | Version | Tinstall | Tcheck | Ttotal | Status | Flags |
---|---|---|---|---|---|---|
r-devel-linux-x86_64-debian-clang | 1.3-2 | 34.61 | 432.48 | 467.09 | OK | |
r-devel-linux-x86_64-debian-gcc | 1.3-2 | 22.41 | 314.72 | 337.13 | OK | |
r-devel-linux-x86_64-fedora-clang | 1.3-2 | 540.46 | NOTE | |||
r-devel-linux-x86_64-fedora-gcc | 1.3-2 | 546.35 | NOTE | |||
r-devel-windows-x86_64 | 1.3-2 | 53.00 | 429.00 | 482.00 | OK | |
r-patched-linux-x86_64 | 1.3-2 | 26.49 | 410.65 | 437.14 | OK | |
r-release-linux-x86_64 | 1.3-2 | 25.62 | 413.16 | 438.78 | OK | |
r-release-macos-arm64 | 1.3-2 | 114.00 | NOTE | |||
r-release-macos-x86_64 | 1.3-2 | 171.00 | NOTE | |||
r-release-windows-x86_64 | 1.3-2 | 49.00 | 423.00 | 472.00 | OK | |
r-oldrel-macos-arm64 | 1.3-2 | 80.00 | NOTE | |||
r-oldrel-macos-x86_64 | 1.3-2 | 136.00 | NOTE | |||
r-oldrel-windows-ix86+x86_64 | 1.3-2 | 64.00 | 428.00 | 492.00 | OK |
Version: 1.3-2
Check: dependencies in R code
Result: NOTE
Namespace in Imports field not imported from: ‘sp’
All declared Imports should be used.
Flavors: r-devel-linux-x86_64-fedora-clang, r-devel-linux-x86_64-fedora-gcc, r-release-macos-arm64, r-release-macos-x86_64, r-oldrel-macos-arm64, r-oldrel-macos-x86_64