Last updated on 2022-05-16 03:53:44 CEST.
Flavor | Version | Tinstall | Tcheck | Ttotal | Status | Flags |
---|---|---|---|---|---|---|
r-devel-linux-x86_64-debian-clang | 5.3.0 | 30.79 | 563.26 | 594.05 | OK | |
r-devel-linux-x86_64-debian-gcc | 5.3.0 | 25.39 | 389.52 | 414.91 | OK | |
r-devel-linux-x86_64-fedora-clang | 5.3.0 | 665.38 | NOTE | |||
r-devel-linux-x86_64-fedora-gcc | 5.3.0 | 656.28 | OK | |||
r-devel-windows-x86_64 | 5.3.0 | 77.00 | 348.00 | 425.00 | NOTE | --no-vignettes |
r-patched-linux-x86_64 | 5.3.0 | 32.51 | 524.36 | 556.87 | OK | |
r-release-linux-x86_64 | 5.3.0 | 27.66 | 517.42 | 545.08 | OK | |
r-release-macos-arm64 | 5.3.0 | 142.00 | NOTE | |||
r-release-macos-x86_64 | 5.3.0 | 272.00 | NOTE | |||
r-release-windows-x86_64 | 5.3.0 | 94.00 | 322.00 | 416.00 | NOTE | --no-vignettes |
r-oldrel-macos-arm64 | 5.3.0 | 174.00 | NOTE | |||
r-oldrel-macos-x86_64 | 5.3.0 | 196.00 | NOTE | |||
r-oldrel-windows-ix86+x86_64 | 5.3.0 | 63.00 | 407.00 | 470.00 | NOTE | --no-vignettes |
Version: 5.3.0
Check: installed package size
Result: NOTE
installed size is 6.8Mb
sub-directories of 1Mb or more:
doc 5.3Mb
Flavors: r-devel-linux-x86_64-fedora-clang, r-release-macos-arm64, r-release-macos-x86_64, r-oldrel-macos-arm64, r-oldrel-macos-x86_64
Version: 5.3.0
Flags: --no-vignettes
Check: installed package size
Result: NOTE
installed size is 6.8Mb
sub-directories of 1Mb or more:
doc 5.3Mb
Flavors: r-devel-windows-x86_64, r-release-windows-x86_64, r-oldrel-windows-ix86+x86_64