Last updated on 2023-10-01 05:05:55 CEST.
Flavor | Version | Tinstall | Tcheck | Ttotal | Status | Flags |
---|---|---|---|---|---|---|
r-devel-linux-x86_64-debian-clang | 1.1.0 | 4.08 | 49.55 | 53.63 | NOTE | |
r-devel-linux-x86_64-debian-gcc | 1.1.0 | 4.86 | 38.75 | 43.61 | NOTE | |
r-devel-linux-x86_64-fedora-clang | 1.1.0 | 71.04 | NOTE | |||
r-devel-linux-x86_64-fedora-gcc | 1.1.0 | 69.61 | NOTE | |||
r-devel-windows-x86_64 | 1.1.0 | 6.00 | 71.00 | 77.00 | NOTE | |
r-patched-linux-x86_64 | 1.1.0 | 8.49 | 48.54 | 57.03 | NOTE | |
r-release-linux-x86_64 | 1.1.0 | 6.29 | 49.44 | 55.73 | NOTE | |
r-release-macos-arm64 | 1.1.0 | 28.00 | NOTE | |||
r-release-macos-x86_64 | 1.1.0 | 38.00 | NOTE | |||
r-release-windows-x86_64 | 1.1.0 | 8.00 | 73.00 | 81.00 | NOTE | |
r-oldrel-macos-arm64 | 1.1.0 | 24.00 | OK | |||
r-oldrel-macos-x86_64 | 1.1.0 | 34.00 | OK | |||
r-oldrel-windows-x86_64 | 1.1.0 | 8.00 | 66.00 | 74.00 | OK |
Version: 1.1.0
Check: Rd files
Result: NOTE
checkRd: (-1) shypEstFun.Rd:52: Escaped LaTeX specials: \$
checkRd: (-1) shypEstFun.Rd:54: Escaped LaTeX specials: \$
Flavors: r-devel-linux-x86_64-debian-clang, r-devel-linux-x86_64-debian-gcc, r-devel-linux-x86_64-fedora-clang, r-devel-linux-x86_64-fedora-gcc, r-devel-windows-x86_64, r-patched-linux-x86_64, r-release-linux-x86_64, r-release-macos-arm64, r-release-macos-x86_64, r-release-windows-x86_64