CRAN Package Check Results for Package spsh

Last updated on 2022-10-04 03:56:55 CEST.

Flavor Version Tinstall Tcheck Ttotal Status Flags
r-devel-linux-x86_64-debian-clang 1.1.0 6.61 50.96 57.57 NOTE
r-devel-linux-x86_64-debian-gcc 1.1.0 5.05 39.54 44.59 NOTE
r-devel-linux-x86_64-fedora-clang 1.1.0 83.25 NOTE
r-devel-linux-x86_64-fedora-gcc 1.1.0 77.37 NOTE
r-devel-windows-x86_64 1.1.0 18.00 93.00 111.00 NOTE
r-patched-linux-x86_64 1.1.0 9.10 46.04 55.14 OK
r-release-linux-x86_64 1.1.0 6.17 46.06 52.23 OK
r-release-macos-arm64 1.1.0 24.00 OK
r-release-macos-x86_64 1.1.0 34.00 OK
r-release-windows-x86_64 1.1.0 13.00 77.00 90.00 OK
r-oldrel-macos-arm64 1.1.0 30.00 OK
r-oldrel-macos-x86_64 1.1.0 45.00 OK
r-oldrel-windows-ix86+x86_64 1.1.0 12.00 74.00 86.00 OK

Check Details

Version: 1.1.0
Check: Rd files
Result: NOTE
    checkRd: (-1) shypEstFun.Rd:52: Escaped LaTeX specials: \$
    checkRd: (-1) shypEstFun.Rd:54: Escaped LaTeX specials: \$
Flavors: r-devel-linux-x86_64-debian-clang, r-devel-linux-x86_64-debian-gcc, r-devel-linux-x86_64-fedora-clang, r-devel-linux-x86_64-fedora-gcc, r-devel-windows-x86_64