CRAN Package Check Results for Package spsann

Last updated on 2020-09-22 03:49:42 CEST.

Flavor Version Tinstall Tcheck Ttotal Status Flags
r-devel-linux-x86_64-debian-clang 2.2.0 40.20 46.23 86.43 OK
r-devel-linux-x86_64-debian-gcc 2.2.0 0.34 2.29 2.63 ERROR
r-devel-linux-x86_64-fedora-clang 2.2.0 134.13 OK
r-devel-linux-x86_64-fedora-gcc 2.2.0 109.56 OK
r-devel-windows-ix86+x86_64 2.2.0 97.00 90.00 187.00 OK
r-patched-linux-x86_64 2.2.0 30.64 45.50 76.14 OK
r-patched-solaris-x86 2.2.0 120.70 OK
r-release-linux-x86_64 2.2.0 29.59 45.63 75.22 OK
r-release-macos-x86_64 2.2.0 OK
r-release-windows-ix86+x86_64 2.2.0 93.00 109.00 202.00 OK
r-oldrel-macos-x86_64 2.2.0 OK
r-oldrel-windows-ix86+x86_64 2.2.0 64.00 106.00 170.00 OK

Check Details

Version: 2.2.0
Check: whether package can be installed
Result: ERROR
    Installation failed.
Flavor: r-devel-linux-x86_64-debian-gcc