CRAN Package Check Results for Package spruce

Last updated on 2022-08-10 04:54:13 CEST.

Flavor Version Tinstall Tcheck Ttotal Status Flags
r-devel-linux-x86_64-debian-clang 0.99.1 91.47 225.88 317.35 WARN
r-devel-linux-x86_64-debian-gcc 0.99.1 70.09 166.93 237.02 OK
r-devel-linux-x86_64-fedora-clang 0.99.1 418.93 WARN
r-devel-linux-x86_64-fedora-gcc 0.99.1 391.59 OK
r-devel-windows-x86_64 0.99.1 81.00 274.00 355.00 OK
r-patched-linux-x86_64 0.99.1 86.92 214.11 301.03 OK
r-release-linux-x86_64 0.99.1 OK
r-release-macos-arm64 0.99.1 89.00 OK
r-release-macos-x86_64 0.99.1 161.00 OK
r-release-windows-x86_64 0.99.1 91.00 267.00 358.00 OK
r-oldrel-macos-arm64 0.99.1 76.00 OK
r-oldrel-macos-x86_64 0.99.1 116.00 OK
r-oldrel-windows-ix86+x86_64 0.99.1 91.00 10.00 101.00 ERROR

Additional issues

clang14

Check Details

Version: 0.99.1
Check: whether package can be installed
Result: WARN
    Found the following significant warnings:
     update_t.cpp:14:9: warning: use of bitwise '&' with boolean operands [-Wbitwise-instead-of-logical]
Flavors: r-devel-linux-x86_64-debian-clang, r-devel-linux-x86_64-fedora-clang

Version: 0.99.1
Check: whether package can be installed
Result: ERROR
    Installation failed.
Flavor: r-oldrel-windows-ix86+x86_64