CRAN Package Check Results for Package spotifyr

Last updated on 2022-08-09 15:56:27 CEST.

Flavor Version Tinstall Tcheck Ttotal Status Flags
r-devel-linux-x86_64-debian-clang 2.2.3 14.65 131.37 146.02 OK
r-devel-linux-x86_64-debian-gcc 2.2.3 13.19 96.05 109.24 OK
r-devel-linux-x86_64-fedora-clang 2.2.3 178.97 NOTE
r-devel-linux-x86_64-fedora-gcc 2.2.3 173.99 NOTE
r-devel-windows-x86_64 2.2.3 69.00 144.00 213.00 OK
r-patched-linux-x86_64 2.2.3 13.35 120.58 133.93 OK
r-release-linux-x86_64 2.2.3 OK
r-release-macos-arm64 2.2.3 46.00 NOTE
r-release-macos-x86_64 2.2.3 82.00 NOTE
r-release-windows-x86_64 2.2.3 60.00 149.00 209.00 OK
r-oldrel-macos-arm64 2.2.3 50.00 NOTE
r-oldrel-macos-x86_64 2.2.3 66.00 NOTE
r-oldrel-windows-ix86+x86_64 2.2.3 33.00 143.00 176.00 OK

Check Details

Version: 2.2.3
Check: dependencies in R code
Result: NOTE
    Namespace in Imports field not imported from: ‘ggridges’
     All declared Imports should be used.
Flavors: r-devel-linux-x86_64-fedora-clang, r-devel-linux-x86_64-fedora-gcc, r-release-macos-arm64, r-release-macos-x86_64, r-oldrel-macos-arm64, r-oldrel-macos-x86_64